{"id":469,"date":"2021-08-17T16:38:13","date_gmt":"2021-08-17T19:38:13","guid":{"rendered":"http:\/\/www.lojacarita.com.br\/loja2021\/?post_type=product&#038;p=469"},"modified":"2021-10-15T10:36:38","modified_gmt":"2021-10-15T13:36:38","slug":"crescendo","status":"publish","type":"product","link":"https:\/\/www.lojacarita.com.br\/loja\/product\/crescendo\/","title":{"rendered":"Curso Crescendo com nossos relacionamentos"},"content":{"rendered":"<p>Um curso destinado a pessoas que queiram trabalhar e esclarecer suas rela\u00e7\u00f5es<\/p>\n<p><strong>3 m\u00f3dulos \/ online<\/strong><\/p>\n<h2>1.\u00ba M\u00f3dulo \u2013 Familia de origem, pais, irm\u00e3os e parentes, heran\u00e7a<\/h2>\n<p>Rela\u00e7\u00f5es com a familia.<br \/>\nQuando encontramos acesso as nossas ra\u00edzes novamente, n\u00f3s reposicionamos nossa vida em uma base de apoio.<br \/>\nEncontre o seu lugar e fa\u00e7a tudo partindo desse lugar!<\/p>\n<h2>2.\u00ba M\u00f3dulo \u2013 Relacionamento com o parceiro atual, parceiros anteriores e filhos<\/h2>\n<p>O que podemos fazer em nosso relacionamento?<br \/>\nO que bloqueia nosso relacionamento?<br \/>\nQuais s\u00e3o os links? Como eles funcionam?<br \/>\nEles agem apenas sobre n\u00f3s ou tamb\u00e9m agem<br \/>\nsobre nossos parceiros e filhos?<\/p>\n<p>A reconcilia\u00e7\u00e3o com nossos relacionamentos nos une de uma forma que nos liberta.<\/p>\n<h2>3.\u00ba M\u00f3dulo \u2013 Vida profissional e \u00eaxito<\/h2>\n<p>Relacionamento com amigos, colegas de trabalho, superiores, funcion\u00e1rios, colegas de neg\u00f3cios ou clientes que determinam nossa vida.<br \/>\nQuest\u00f5es pessoais que podem ser trabalhadas: Conflitos, doen\u00e7as, luto, perdas, separa\u00e7\u00f5es, preocupa\u00e7\u00f5es e ansiedades, heran\u00e7a, compra, venda de terrenos e casas.<br \/>\nTemas da \u00e1rea profissional: insucessos, bloqueios, estar preso na vida, competi\u00e7\u00e3o, conflito e muito mais.<\/p>\n<p>&nbsp;<\/p>\n<h3>Tsuyuko Jinno Spelter<\/h3>\n<p>Brasileira, graduada em Letras \u2014Portugu\u00eas, Ingl\u00eas e Alem\u00e3o\u2014 pela Universidade de S\u00e3o Paulo. Consteladora e tradutora de v\u00e1rios livros<br \/>\nde Bert Hellinger, Marianne Franke-Gricksch e \u00darsula Franke. Ela era int\u00e9rprete de Bert Hellinger nos cursos ministrados por ele em Belo<br \/>\nHorizonte, Goi\u00e2nia e Bras\u00edlia. Co-propriet\u00e1ria da editora Atman, que publica livros sobre a abordagem sist\u00eamica-fenomenol\u00f3gica<\/p>\n<p>https:\/\/www.editoraatman.com.br\/<\/p>\n<p>Professora de Constela\u00e7\u00f5es Familiares e Empresariais segundo Bert<br \/>\nHellinger e PNL fenomenol\u00f3gica.<br \/>\nPeter Spelter e Tsuyuko Spelter s\u00e3o criadores da obra Constela\u00e7\u00e3o da<br \/>\ncomunica\u00e7\u00e3o e fundadores do Instituto de Filosofia Pr\u00e1tica da Alemanha e Brasil.<\/p>\n<p>&nbsp;<\/p>\n<p>Para mais detalhes do curso, baixe a <strong><a href=\"https:\/\/www.lojacarita.com.br\/loja\/product\/crescendo\/\" target=\"_blank\" rel=\"noopener\">apresenta\u00e7\u00e3o do curso<\/a><\/strong><\/p>\n<p>Para mais informa\u00e7\u00f5es, entre em contato via email: <a href=\"mailto: ednabenicio.amic@gmai\">ednabenicio.amic@gmai<\/a>l ou <a href=\"mailto:tiago.amic@gmail.com\">tiago.amic@gmail.com <\/a><\/p>\n","protected":false},"excerpt":{"rendered":"<p>Um curso destinado a pessoas que queiram trabalhar e esclarecer suas rela\u00e7\u00f5es<\/p>\n","protected":false},"featured_media":559,"template":"","meta":[],"product_brand":[],"product_cat":[56],"product_tag":[],"class_list":{"0":"post-469","1":"product","2":"type-product","3":"status-publish","4":"has-post-thumbnail","6":"product_cat-cursos","8":"first","9":"onbackorder","10":"virtual","11":"product-type-simple"},"acf":[],"yoast_head":"<!-- This site is optimized with the Yoast SEO plugin v27.4 - https:\/\/yoast.com\/product\/yoast-seo-wordpress\/ -->\n<title>Curso Crescendo com nossos relacionamentos - Loja C\u00e1rita<\/title>\n<meta name=\"robots\" content=\"index, follow, max-snippet:-1, max-image-preview:large, max-video-preview:-1\" \/>\n<link rel=\"canonical\" href=\"https:\/\/www.lojacarita.com.br\/loja\/product\/crescendo\/\" \/>\n<meta property=\"og:locale\" content=\"pt_BR\" \/>\n<meta property=\"og:type\" content=\"article\" \/>\n<meta property=\"og:title\" content=\"Curso Crescendo com nossos relacionamentos - Loja C\u00e1rita\" \/>\n<meta property=\"og:description\" content=\"Um curso destinado a pessoas que queiram trabalhar e esclarecer suas rela\u00e7\u00f5es\" \/>\n<meta property=\"og:url\" content=\"https:\/\/www.lojacarita.com.br\/loja\/product\/crescendo\/\" \/>\n<meta property=\"og:site_name\" content=\"Loja C\u00e1rita\" \/>\n<meta property=\"article:modified_time\" content=\"2021-10-15T13:36:38+00:00\" \/>\n<meta property=\"og:image\" content=\"https:\/\/www.lojacarita.com.br\/loja\/wp-content\/uploads\/2021\/08\/curso-crescendo.jpg\" \/>\n\t<meta property=\"og:image:width\" content=\"949\" \/>\n\t<meta property=\"og:image:height\" content=\"883\" \/>\n\t<meta property=\"og:image:type\" content=\"image\/jpeg\" \/>\n<meta name=\"twitter:card\" content=\"summary_large_image\" \/>\n<meta name=\"twitter:label1\" content=\"Est. tempo de leitura\" \/>\n\t<meta name=\"twitter:data1\" content=\"2 minutos\" \/>\n<script type=\"application\/ld+json\" class=\"yoast-schema-graph\">{\"@context\":\"https:\\\/\\\/schema.org\",\"@graph\":[{\"@type\":\"WebPage\",\"@id\":\"https:\\\/\\\/www.lojacarita.com.br\\\/loja\\\/product\\\/crescendo\\\/\",\"url\":\"https:\\\/\\\/www.lojacarita.com.br\\\/loja\\\/product\\\/crescendo\\\/\",\"name\":\"Curso Crescendo com nossos relacionamentos - Loja C\u00e1rita\",\"isPartOf\":{\"@id\":\"https:\\\/\\\/www.lojacarita.com.br\\\/loja\\\/#website\"},\"primaryImageOfPage\":{\"@id\":\"https:\\\/\\\/www.lojacarita.com.br\\\/loja\\\/product\\\/crescendo\\\/#primaryimage\"},\"image\":{\"@id\":\"https:\\\/\\\/www.lojacarita.com.br\\\/loja\\\/product\\\/crescendo\\\/#primaryimage\"},\"thumbnailUrl\":\"https:\\\/\\\/www.lojacarita.com.br\\\/loja\\\/wp-content\\\/uploads\\\/2021\\\/08\\\/curso-crescendo.jpg\",\"datePublished\":\"2021-08-17T19:38:13+00:00\",\"dateModified\":\"2021-10-15T13:36:38+00:00\",\"breadcrumb\":{\"@id\":\"https:\\\/\\\/www.lojacarita.com.br\\\/loja\\\/product\\\/crescendo\\\/#breadcrumb\"},\"inLanguage\":\"pt-BR\",\"potentialAction\":[{\"@type\":\"ReadAction\",\"target\":[\"https:\\\/\\\/www.lojacarita.com.br\\\/loja\\\/product\\\/crescendo\\\/\"]}]},{\"@type\":\"ImageObject\",\"inLanguage\":\"pt-BR\",\"@id\":\"https:\\\/\\\/www.lojacarita.com.br\\\/loja\\\/product\\\/crescendo\\\/#primaryimage\",\"url\":\"https:\\\/\\\/www.lojacarita.com.br\\\/loja\\\/wp-content\\\/uploads\\\/2021\\\/08\\\/curso-crescendo.jpg\",\"contentUrl\":\"https:\\\/\\\/www.lojacarita.com.br\\\/loja\\\/wp-content\\\/uploads\\\/2021\\\/08\\\/curso-crescendo.jpg\",\"width\":949,\"height\":883},{\"@type\":\"BreadcrumbList\",\"@id\":\"https:\\\/\\\/www.lojacarita.com.br\\\/loja\\\/product\\\/crescendo\\\/#breadcrumb\",\"itemListElement\":[{\"@type\":\"ListItem\",\"position\":1,\"name\":\"In\u00edcio\",\"item\":\"https:\\\/\\\/www.lojacarita.com.br\\\/loja\\\/\"},{\"@type\":\"ListItem\",\"position\":2,\"name\":\"Produtos\",\"item\":\"https:\\\/\\\/www.lojacarita.com.br\\\/loja\\\/nossos-produtos\\\/\"},{\"@type\":\"ListItem\",\"position\":3,\"name\":\"Curso Crescendo com nossos relacionamentos\"}]},{\"@type\":\"WebSite\",\"@id\":\"https:\\\/\\\/www.lojacarita.com.br\\\/loja\\\/#website\",\"url\":\"https:\\\/\\\/www.lojacarita.com.br\\\/loja\\\/\",\"name\":\"Loja C\u00e1rita\",\"description\":\"Amai-vos e instrui-vos! Esp\u00edrito de Verdade\",\"publisher\":{\"@id\":\"https:\\\/\\\/www.lojacarita.com.br\\\/loja\\\/#organization\"},\"potentialAction\":[{\"@type\":\"SearchAction\",\"target\":{\"@type\":\"EntryPoint\",\"urlTemplate\":\"https:\\\/\\\/www.lojacarita.com.br\\\/loja\\\/?s={search_term_string}\"},\"query-input\":{\"@type\":\"PropertyValueSpecification\",\"valueRequired\":true,\"valueName\":\"search_term_string\"}}],\"inLanguage\":\"pt-BR\"},{\"@type\":\"Organization\",\"@id\":\"https:\\\/\\\/www.lojacarita.com.br\\\/loja\\\/#organization\",\"name\":\"Loja C\u00e1rita\",\"url\":\"https:\\\/\\\/www.lojacarita.com.br\\\/loja\\\/\",\"logo\":{\"@type\":\"ImageObject\",\"inLanguage\":\"pt-BR\",\"@id\":\"https:\\\/\\\/www.lojacarita.com.br\\\/loja\\\/#\\\/schema\\\/logo\\\/image\\\/\",\"url\":\"http:\\\/\\\/www.lojacarita.com.br\\\/loja2021\\\/wp-content\\\/uploads\\\/2021\\\/05\\\/favicon.png\",\"contentUrl\":\"http:\\\/\\\/www.lojacarita.com.br\\\/loja2021\\\/wp-content\\\/uploads\\\/2021\\\/05\\\/favicon.png\",\"width\":512,\"height\":512,\"caption\":\"Loja C\u00e1rita\"},\"image\":{\"@id\":\"https:\\\/\\\/www.lojacarita.com.br\\\/loja\\\/#\\\/schema\\\/logo\\\/image\\\/\"}}]}<\/script>\n<!-- \/ Yoast SEO plugin. -->","yoast_head_json":{"title":"Curso Crescendo com nossos relacionamentos - Loja C\u00e1rita","robots":{"index":"index","follow":"follow","max-snippet":"max-snippet:-1","max-image-preview":"max-image-preview:large","max-video-preview":"max-video-preview:-1"},"canonical":"https:\/\/www.lojacarita.com.br\/loja\/product\/crescendo\/","og_locale":"pt_BR","og_type":"article","og_title":"Curso Crescendo com nossos relacionamentos - Loja C\u00e1rita","og_description":"Um curso destinado a pessoas que queiram trabalhar e esclarecer suas rela\u00e7\u00f5es","og_url":"https:\/\/www.lojacarita.com.br\/loja\/product\/crescendo\/","og_site_name":"Loja C\u00e1rita","article_modified_time":"2021-10-15T13:36:38+00:00","og_image":[{"width":949,"height":883,"url":"https:\/\/www.lojacarita.com.br\/loja\/wp-content\/uploads\/2021\/08\/curso-crescendo.jpg","type":"image\/jpeg"}],"twitter_card":"summary_large_image","twitter_misc":{"Est. tempo de leitura":"2 minutos"},"schema":{"@context":"https:\/\/schema.org","@graph":[{"@type":"WebPage","@id":"https:\/\/www.lojacarita.com.br\/loja\/product\/crescendo\/","url":"https:\/\/www.lojacarita.com.br\/loja\/product\/crescendo\/","name":"Curso Crescendo com nossos relacionamentos - Loja C\u00e1rita","isPartOf":{"@id":"https:\/\/www.lojacarita.com.br\/loja\/#website"},"primaryImageOfPage":{"@id":"https:\/\/www.lojacarita.com.br\/loja\/product\/crescendo\/#primaryimage"},"image":{"@id":"https:\/\/www.lojacarita.com.br\/loja\/product\/crescendo\/#primaryimage"},"thumbnailUrl":"https:\/\/www.lojacarita.com.br\/loja\/wp-content\/uploads\/2021\/08\/curso-crescendo.jpg","datePublished":"2021-08-17T19:38:13+00:00","dateModified":"2021-10-15T13:36:38+00:00","breadcrumb":{"@id":"https:\/\/www.lojacarita.com.br\/loja\/product\/crescendo\/#breadcrumb"},"inLanguage":"pt-BR","potentialAction":[{"@type":"ReadAction","target":["https:\/\/www.lojacarita.com.br\/loja\/product\/crescendo\/"]}]},{"@type":"ImageObject","inLanguage":"pt-BR","@id":"https:\/\/www.lojacarita.com.br\/loja\/product\/crescendo\/#primaryimage","url":"https:\/\/www.lojacarita.com.br\/loja\/wp-content\/uploads\/2021\/08\/curso-crescendo.jpg","contentUrl":"https:\/\/www.lojacarita.com.br\/loja\/wp-content\/uploads\/2021\/08\/curso-crescendo.jpg","width":949,"height":883},{"@type":"BreadcrumbList","@id":"https:\/\/www.lojacarita.com.br\/loja\/product\/crescendo\/#breadcrumb","itemListElement":[{"@type":"ListItem","position":1,"name":"In\u00edcio","item":"https:\/\/www.lojacarita.com.br\/loja\/"},{"@type":"ListItem","position":2,"name":"Produtos","item":"https:\/\/www.lojacarita.com.br\/loja\/nossos-produtos\/"},{"@type":"ListItem","position":3,"name":"Curso Crescendo com nossos relacionamentos"}]},{"@type":"WebSite","@id":"https:\/\/www.lojacarita.com.br\/loja\/#website","url":"https:\/\/www.lojacarita.com.br\/loja\/","name":"Loja C\u00e1rita","description":"Amai-vos e instrui-vos! Esp\u00edrito de Verdade","publisher":{"@id":"https:\/\/www.lojacarita.com.br\/loja\/#organization"},"potentialAction":[{"@type":"SearchAction","target":{"@type":"EntryPoint","urlTemplate":"https:\/\/www.lojacarita.com.br\/loja\/?s={search_term_string}"},"query-input":{"@type":"PropertyValueSpecification","valueRequired":true,"valueName":"search_term_string"}}],"inLanguage":"pt-BR"},{"@type":"Organization","@id":"https:\/\/www.lojacarita.com.br\/loja\/#organization","name":"Loja C\u00e1rita","url":"https:\/\/www.lojacarita.com.br\/loja\/","logo":{"@type":"ImageObject","inLanguage":"pt-BR","@id":"https:\/\/www.lojacarita.com.br\/loja\/#\/schema\/logo\/image\/","url":"http:\/\/www.lojacarita.com.br\/loja2021\/wp-content\/uploads\/2021\/05\/favicon.png","contentUrl":"http:\/\/www.lojacarita.com.br\/loja2021\/wp-content\/uploads\/2021\/05\/favicon.png","width":512,"height":512,"caption":"Loja C\u00e1rita"},"image":{"@id":"https:\/\/www.lojacarita.com.br\/loja\/#\/schema\/logo\/image\/"}}]}},"_links":{"self":[{"href":"https:\/\/www.lojacarita.com.br\/loja\/wp-json\/wp\/v2\/product\/469","targetHints":{"allow":["GET"]}}],"collection":[{"href":"https:\/\/www.lojacarita.com.br\/loja\/wp-json\/wp\/v2\/product"}],"about":[{"href":"https:\/\/www.lojacarita.com.br\/loja\/wp-json\/wp\/v2\/types\/product"}],"wp:featuredmedia":[{"embeddable":true,"href":"https:\/\/www.lojacarita.com.br\/loja\/wp-json\/wp\/v2\/media\/559"}],"wp:attachment":[{"href":"https:\/\/www.lojacarita.com.br\/loja\/wp-json\/wp\/v2\/media?parent=469"}],"wp:term":[{"taxonomy":"product_brand","embeddable":true,"href":"https:\/\/www.lojacarita.com.br\/loja\/wp-json\/wp\/v2\/product_brand?post=469"},{"taxonomy":"product_cat","embeddable":true,"href":"https:\/\/www.lojacarita.com.br\/loja\/wp-json\/wp\/v2\/product_cat?post=469"},{"taxonomy":"product_tag","embeddable":true,"href":"https:\/\/www.lojacarita.com.br\/loja\/wp-json\/wp\/v2\/product_tag?post=469"}],"curies":[{"name":"wp","href":"https:\/\/api.w.org\/{rel}","templated":true}]}}