{"id":392,"date":"2021-06-25T13:15:40","date_gmt":"2021-06-25T16:15:40","guid":{"rendered":"http:\/\/www.lojacarita.com.br\/loja2021\/?post_type=product&#038;p=392"},"modified":"2021-08-21T17:37:22","modified_gmt":"2021-08-21T20:37:22","slug":"planejamento-de-experimentos-e-otimizacao-de-processos","status":"publish","type":"product","link":"https:\/\/www.lojacarita.com.br\/loja\/product\/planejamento-de-experimentos-e-otimizacao-de-processos\/","title":{"rendered":"Planejamento de Experimentos e Otimiza\u00e7\u00e3o de Processos"},"content":{"rendered":"<h4>Planejamento de Experimentos e Otimiza\u00e7\u00e3o de Processos<\/h4>\n<h4>Maria Isabel Rodrigues e Antonio Francisco Iemma<\/h4>\n<p>O livro inclui projetos de Delineamento Composto Central Rotacional (DCCR), fatorial fracion\u00e1rio e <em>screening<\/em> design (Plackett &amp; Burman) como um metodologia cient\u00edfica para resolver desafios em pesquisa e desenvolvimento, bem como uma ferramenta para a melhoria dos processos j\u00e1 implementados. Estrat\u00e9gias adequadas para 2 a 32 fatores s\u00e3o abordadas em detalhes no livro. O livro cobre os fundamentos da ci\u00eancia estat\u00edstica para auxiliar os leitores na compreens\u00e3o e aplica\u00e7\u00e3o dos conceitos apresentados. Ele tamb\u00e9m apresenta numerosos exemplos de aplica\u00e7\u00f5es usando esta metodologia. Os autores n\u00e3o s\u00e3o apenas especialistas no campo, mas tamb\u00e9m possuem uma experi\u00eancia em aplica\u00e7\u00f5es industriais h\u00e1 cerca de 30 anos. Isso lhes permite apresentar os aspectos te\u00f3ricos discutidos atrav\u00e9s de v\u00e1rios estudos de caso do mundo real. Em 2014 foi lan\u00e7ado o software para tratamento estat\u00edstico dos dados usando esta metodologia:\u00a0<a href=\"http:\/\/experimental-design.protimiza.com.br\/\" target=\"_blank\" rel=\"noopener\">http:\/\/experimental-design.protimiza.com.br\/<\/a><\/p>\n","protected":false},"excerpt":{"rendered":"<p>Planejamento de Experimentos e Otimiza\u00e7\u00e3o de Processos Maria Isabel Rodrigues e Antonio Francisco Iemma O livro inclui projetos de Delineamento Composto Central Rotacional (DCCR), fatorial fracion\u00e1rio e screening design (Plackett &amp; Burman) como um metodologia cient\u00edfica para resolver desafios em pesquisa e desenvolvimento, bem como uma ferramenta para a melhoria dos processos j\u00e1 implementados. Estrat\u00e9gias &hellip; <a href=\"https:\/\/www.lojacarita.com.br\/loja\/product\/planejamento-de-experimentos-e-otimizacao-de-processos\/\">Continua<\/a><\/p>\n","protected":false},"featured_media":393,"template":"","meta":[],"product_brand":[],"product_cat":[45],"product_tag":[],"class_list":{"0":"post-392","1":"product","2":"type-product","3":"status-publish","4":"has-post-thumbnail","6":"product_cat-cientificos","8":"first","9":"instock","10":"shipping-taxable","11":"purchasable","12":"product-type-simple"},"acf":[],"yoast_head":"<!-- This site is optimized with the Yoast SEO plugin v27.4 - https:\/\/yoast.com\/product\/yoast-seo-wordpress\/ -->\n<title>Planejamento de Experimentos e Otimiza\u00e7\u00e3o de Processos - Loja C\u00e1rita<\/title>\n<meta name=\"robots\" content=\"index, follow, max-snippet:-1, max-image-preview:large, max-video-preview:-1\" \/>\n<link rel=\"canonical\" href=\"https:\/\/www.lojacarita.com.br\/loja\/product\/planejamento-de-experimentos-e-otimizacao-de-processos\/\" \/>\n<meta property=\"og:locale\" content=\"pt_BR\" \/>\n<meta property=\"og:type\" content=\"article\" \/>\n<meta property=\"og:title\" content=\"Planejamento de Experimentos e Otimiza\u00e7\u00e3o de Processos - Loja C\u00e1rita\" \/>\n<meta property=\"og:description\" content=\"Planejamento de Experimentos e Otimiza\u00e7\u00e3o de Processos Maria Isabel Rodrigues e Antonio Francisco Iemma O livro inclui projetos de Delineamento Composto Central Rotacional (DCCR), fatorial fracion\u00e1rio e screening design (Plackett &amp; Burman) como um metodologia cient\u00edfica para resolver desafios em pesquisa e desenvolvimento, bem como uma ferramenta para a melhoria dos processos j\u00e1 implementados. Estrat\u00e9gias &hellip; Continua\" \/>\n<meta property=\"og:url\" content=\"https:\/\/www.lojacarita.com.br\/loja\/product\/planejamento-de-experimentos-e-otimizacao-de-processos\/\" \/>\n<meta property=\"og:site_name\" content=\"Loja C\u00e1rita\" \/>\n<meta property=\"article:modified_time\" content=\"2021-08-21T20:37:22+00:00\" \/>\n<meta property=\"og:image\" content=\"https:\/\/www.lojacarita.com.br\/loja\/wp-content\/uploads\/2021\/06\/1-planejamento-experimentos-500x500-1.png\" \/>\n\t<meta property=\"og:image:width\" content=\"500\" \/>\n\t<meta property=\"og:image:height\" content=\"500\" \/>\n\t<meta property=\"og:image:type\" content=\"image\/png\" \/>\n<meta name=\"twitter:card\" content=\"summary_large_image\" \/>\n<meta name=\"twitter:label1\" content=\"Est. tempo de leitura\" \/>\n\t<meta name=\"twitter:data1\" content=\"1 minuto\" \/>\n<script type=\"application\/ld+json\" class=\"yoast-schema-graph\">{\"@context\":\"https:\\\/\\\/schema.org\",\"@graph\":[{\"@type\":\"WebPage\",\"@id\":\"https:\\\/\\\/www.lojacarita.com.br\\\/loja\\\/product\\\/planejamento-de-experimentos-e-otimizacao-de-processos\\\/\",\"url\":\"https:\\\/\\\/www.lojacarita.com.br\\\/loja\\\/product\\\/planejamento-de-experimentos-e-otimizacao-de-processos\\\/\",\"name\":\"Planejamento de Experimentos e Otimiza\u00e7\u00e3o de Processos - Loja C\u00e1rita\",\"isPartOf\":{\"@id\":\"https:\\\/\\\/www.lojacarita.com.br\\\/loja\\\/#website\"},\"primaryImageOfPage\":{\"@id\":\"https:\\\/\\\/www.lojacarita.com.br\\\/loja\\\/product\\\/planejamento-de-experimentos-e-otimizacao-de-processos\\\/#primaryimage\"},\"image\":{\"@id\":\"https:\\\/\\\/www.lojacarita.com.br\\\/loja\\\/product\\\/planejamento-de-experimentos-e-otimizacao-de-processos\\\/#primaryimage\"},\"thumbnailUrl\":\"https:\\\/\\\/www.lojacarita.com.br\\\/loja\\\/wp-content\\\/uploads\\\/2021\\\/06\\\/1-planejamento-experimentos-500x500-1.png\",\"datePublished\":\"2021-06-25T16:15:40+00:00\",\"dateModified\":\"2021-08-21T20:37:22+00:00\",\"breadcrumb\":{\"@id\":\"https:\\\/\\\/www.lojacarita.com.br\\\/loja\\\/product\\\/planejamento-de-experimentos-e-otimizacao-de-processos\\\/#breadcrumb\"},\"inLanguage\":\"pt-BR\",\"potentialAction\":[{\"@type\":\"ReadAction\",\"target\":[\"https:\\\/\\\/www.lojacarita.com.br\\\/loja\\\/product\\\/planejamento-de-experimentos-e-otimizacao-de-processos\\\/\"]}]},{\"@type\":\"ImageObject\",\"inLanguage\":\"pt-BR\",\"@id\":\"https:\\\/\\\/www.lojacarita.com.br\\\/loja\\\/product\\\/planejamento-de-experimentos-e-otimizacao-de-processos\\\/#primaryimage\",\"url\":\"https:\\\/\\\/www.lojacarita.com.br\\\/loja\\\/wp-content\\\/uploads\\\/2021\\\/06\\\/1-planejamento-experimentos-500x500-1.png\",\"contentUrl\":\"https:\\\/\\\/www.lojacarita.com.br\\\/loja\\\/wp-content\\\/uploads\\\/2021\\\/06\\\/1-planejamento-experimentos-500x500-1.png\",\"width\":500,\"height\":500},{\"@type\":\"BreadcrumbList\",\"@id\":\"https:\\\/\\\/www.lojacarita.com.br\\\/loja\\\/product\\\/planejamento-de-experimentos-e-otimizacao-de-processos\\\/#breadcrumb\",\"itemListElement\":[{\"@type\":\"ListItem\",\"position\":1,\"name\":\"In\u00edcio\",\"item\":\"https:\\\/\\\/www.lojacarita.com.br\\\/loja\\\/\"},{\"@type\":\"ListItem\",\"position\":2,\"name\":\"Produtos\",\"item\":\"https:\\\/\\\/www.lojacarita.com.br\\\/loja\\\/nossos-produtos\\\/\"},{\"@type\":\"ListItem\",\"position\":3,\"name\":\"Planejamento de Experimentos e Otimiza\u00e7\u00e3o de Processos\"}]},{\"@type\":\"WebSite\",\"@id\":\"https:\\\/\\\/www.lojacarita.com.br\\\/loja\\\/#website\",\"url\":\"https:\\\/\\\/www.lojacarita.com.br\\\/loja\\\/\",\"name\":\"Loja C\u00e1rita\",\"description\":\"Amai-vos e instrui-vos! Esp\u00edrito de Verdade\",\"publisher\":{\"@id\":\"https:\\\/\\\/www.lojacarita.com.br\\\/loja\\\/#organization\"},\"potentialAction\":[{\"@type\":\"SearchAction\",\"target\":{\"@type\":\"EntryPoint\",\"urlTemplate\":\"https:\\\/\\\/www.lojacarita.com.br\\\/loja\\\/?s={search_term_string}\"},\"query-input\":{\"@type\":\"PropertyValueSpecification\",\"valueRequired\":true,\"valueName\":\"search_term_string\"}}],\"inLanguage\":\"pt-BR\"},{\"@type\":\"Organization\",\"@id\":\"https:\\\/\\\/www.lojacarita.com.br\\\/loja\\\/#organization\",\"name\":\"Loja C\u00e1rita\",\"url\":\"https:\\\/\\\/www.lojacarita.com.br\\\/loja\\\/\",\"logo\":{\"@type\":\"ImageObject\",\"inLanguage\":\"pt-BR\",\"@id\":\"https:\\\/\\\/www.lojacarita.com.br\\\/loja\\\/#\\\/schema\\\/logo\\\/image\\\/\",\"url\":\"http:\\\/\\\/www.lojacarita.com.br\\\/loja2021\\\/wp-content\\\/uploads\\\/2021\\\/05\\\/favicon.png\",\"contentUrl\":\"http:\\\/\\\/www.lojacarita.com.br\\\/loja2021\\\/wp-content\\\/uploads\\\/2021\\\/05\\\/favicon.png\",\"width\":512,\"height\":512,\"caption\":\"Loja C\u00e1rita\"},\"image\":{\"@id\":\"https:\\\/\\\/www.lojacarita.com.br\\\/loja\\\/#\\\/schema\\\/logo\\\/image\\\/\"}}]}<\/script>\n<!-- \/ Yoast SEO plugin. -->","yoast_head_json":{"title":"Planejamento de Experimentos e Otimiza\u00e7\u00e3o de Processos - Loja C\u00e1rita","robots":{"index":"index","follow":"follow","max-snippet":"max-snippet:-1","max-image-preview":"max-image-preview:large","max-video-preview":"max-video-preview:-1"},"canonical":"https:\/\/www.lojacarita.com.br\/loja\/product\/planejamento-de-experimentos-e-otimizacao-de-processos\/","og_locale":"pt_BR","og_type":"article","og_title":"Planejamento de Experimentos e Otimiza\u00e7\u00e3o de Processos - Loja C\u00e1rita","og_description":"Planejamento de Experimentos e Otimiza\u00e7\u00e3o de Processos Maria Isabel Rodrigues e Antonio Francisco Iemma O livro inclui projetos de Delineamento Composto Central Rotacional (DCCR), fatorial fracion\u00e1rio e screening design (Plackett &amp; Burman) como um metodologia cient\u00edfica para resolver desafios em pesquisa e desenvolvimento, bem como uma ferramenta para a melhoria dos processos j\u00e1 implementados. Estrat\u00e9gias &hellip; Continua","og_url":"https:\/\/www.lojacarita.com.br\/loja\/product\/planejamento-de-experimentos-e-otimizacao-de-processos\/","og_site_name":"Loja C\u00e1rita","article_modified_time":"2021-08-21T20:37:22+00:00","og_image":[{"width":500,"height":500,"url":"https:\/\/www.lojacarita.com.br\/loja\/wp-content\/uploads\/2021\/06\/1-planejamento-experimentos-500x500-1.png","type":"image\/png"}],"twitter_card":"summary_large_image","twitter_misc":{"Est. tempo de leitura":"1 minuto"},"schema":{"@context":"https:\/\/schema.org","@graph":[{"@type":"WebPage","@id":"https:\/\/www.lojacarita.com.br\/loja\/product\/planejamento-de-experimentos-e-otimizacao-de-processos\/","url":"https:\/\/www.lojacarita.com.br\/loja\/product\/planejamento-de-experimentos-e-otimizacao-de-processos\/","name":"Planejamento de Experimentos e Otimiza\u00e7\u00e3o de Processos - Loja C\u00e1rita","isPartOf":{"@id":"https:\/\/www.lojacarita.com.br\/loja\/#website"},"primaryImageOfPage":{"@id":"https:\/\/www.lojacarita.com.br\/loja\/product\/planejamento-de-experimentos-e-otimizacao-de-processos\/#primaryimage"},"image":{"@id":"https:\/\/www.lojacarita.com.br\/loja\/product\/planejamento-de-experimentos-e-otimizacao-de-processos\/#primaryimage"},"thumbnailUrl":"https:\/\/www.lojacarita.com.br\/loja\/wp-content\/uploads\/2021\/06\/1-planejamento-experimentos-500x500-1.png","datePublished":"2021-06-25T16:15:40+00:00","dateModified":"2021-08-21T20:37:22+00:00","breadcrumb":{"@id":"https:\/\/www.lojacarita.com.br\/loja\/product\/planejamento-de-experimentos-e-otimizacao-de-processos\/#breadcrumb"},"inLanguage":"pt-BR","potentialAction":[{"@type":"ReadAction","target":["https:\/\/www.lojacarita.com.br\/loja\/product\/planejamento-de-experimentos-e-otimizacao-de-processos\/"]}]},{"@type":"ImageObject","inLanguage":"pt-BR","@id":"https:\/\/www.lojacarita.com.br\/loja\/product\/planejamento-de-experimentos-e-otimizacao-de-processos\/#primaryimage","url":"https:\/\/www.lojacarita.com.br\/loja\/wp-content\/uploads\/2021\/06\/1-planejamento-experimentos-500x500-1.png","contentUrl":"https:\/\/www.lojacarita.com.br\/loja\/wp-content\/uploads\/2021\/06\/1-planejamento-experimentos-500x500-1.png","width":500,"height":500},{"@type":"BreadcrumbList","@id":"https:\/\/www.lojacarita.com.br\/loja\/product\/planejamento-de-experimentos-e-otimizacao-de-processos\/#breadcrumb","itemListElement":[{"@type":"ListItem","position":1,"name":"In\u00edcio","item":"https:\/\/www.lojacarita.com.br\/loja\/"},{"@type":"ListItem","position":2,"name":"Produtos","item":"https:\/\/www.lojacarita.com.br\/loja\/nossos-produtos\/"},{"@type":"ListItem","position":3,"name":"Planejamento de Experimentos e Otimiza\u00e7\u00e3o de Processos"}]},{"@type":"WebSite","@id":"https:\/\/www.lojacarita.com.br\/loja\/#website","url":"https:\/\/www.lojacarita.com.br\/loja\/","name":"Loja C\u00e1rita","description":"Amai-vos e instrui-vos! Esp\u00edrito de Verdade","publisher":{"@id":"https:\/\/www.lojacarita.com.br\/loja\/#organization"},"potentialAction":[{"@type":"SearchAction","target":{"@type":"EntryPoint","urlTemplate":"https:\/\/www.lojacarita.com.br\/loja\/?s={search_term_string}"},"query-input":{"@type":"PropertyValueSpecification","valueRequired":true,"valueName":"search_term_string"}}],"inLanguage":"pt-BR"},{"@type":"Organization","@id":"https:\/\/www.lojacarita.com.br\/loja\/#organization","name":"Loja C\u00e1rita","url":"https:\/\/www.lojacarita.com.br\/loja\/","logo":{"@type":"ImageObject","inLanguage":"pt-BR","@id":"https:\/\/www.lojacarita.com.br\/loja\/#\/schema\/logo\/image\/","url":"http:\/\/www.lojacarita.com.br\/loja2021\/wp-content\/uploads\/2021\/05\/favicon.png","contentUrl":"http:\/\/www.lojacarita.com.br\/loja2021\/wp-content\/uploads\/2021\/05\/favicon.png","width":512,"height":512,"caption":"Loja C\u00e1rita"},"image":{"@id":"https:\/\/www.lojacarita.com.br\/loja\/#\/schema\/logo\/image\/"}}]}},"_links":{"self":[{"href":"https:\/\/www.lojacarita.com.br\/loja\/wp-json\/wp\/v2\/product\/392","targetHints":{"allow":["GET"]}}],"collection":[{"href":"https:\/\/www.lojacarita.com.br\/loja\/wp-json\/wp\/v2\/product"}],"about":[{"href":"https:\/\/www.lojacarita.com.br\/loja\/wp-json\/wp\/v2\/types\/product"}],"wp:featuredmedia":[{"embeddable":true,"href":"https:\/\/www.lojacarita.com.br\/loja\/wp-json\/wp\/v2\/media\/393"}],"wp:attachment":[{"href":"https:\/\/www.lojacarita.com.br\/loja\/wp-json\/wp\/v2\/media?parent=392"}],"wp:term":[{"taxonomy":"product_brand","embeddable":true,"href":"https:\/\/www.lojacarita.com.br\/loja\/wp-json\/wp\/v2\/product_brand?post=392"},{"taxonomy":"product_cat","embeddable":true,"href":"https:\/\/www.lojacarita.com.br\/loja\/wp-json\/wp\/v2\/product_cat?post=392"},{"taxonomy":"product_tag","embeddable":true,"href":"https:\/\/www.lojacarita.com.br\/loja\/wp-json\/wp\/v2\/product_tag?post=392"}],"curies":[{"name":"wp","href":"https:\/\/api.w.org\/{rel}","templated":true}]}}