{"id":1515,"date":"2023-11-03T14:36:54","date_gmt":"2023-11-03T17:36:54","guid":{"rendered":"https:\/\/www.lojacarita.com.br\/loja\/product\/ebook-doce-palabras-amigas-espanhol\/"},"modified":"2024-04-03T19:58:18","modified_gmt":"2024-04-03T22:58:18","slug":"ebook-doce-palabras-amigas-espanhol","status":"publish","type":"product","link":"https:\/\/www.lojacarita.com.br\/loja\/product\/ebook-doce-palabras-amigas-espanhol\/","title":{"rendered":"EBOOK Doce palabras amigas (Espanhol)"},"content":{"rendered":"<p>Este ebook es una invitaci\u00f3n para tu viaje del alma, rumbo al estado de conciencia eterna frente a los dolorosos y transitorios momentos de una vida apenas, o de\u00a0un d\u00eda apenas en tu eternidad espiritual.<\/p>\n<h3>Doce pasos para la felicidad: encontrar a Jes\u00fas.<br \/>\nOraciones y textos auxiliares para el tratamiento de la obsesi\u00f3n.<br \/>\nCaminos de cura de las fijaciones mentales.<\/h3>\n<p><span class=\"fontstyle0\">Ser feliz es una elecci\u00f3n!\u00a0<\/span><span class=\"fontstyle0\">Con estas p\u00e1ginas estar\u00e1s construyendo tu felicidad.\u00a0<\/span><span class=\"fontstyle0\">\u00a1Donde hay amor, hay felicidad!<br \/>\n<\/span><span class=\"fontstyle0\">Descubre nuevos caminos para la felicidad,\u00a0<\/span><span class=\"fontstyle0\">algunos textos para tu encuentro con Jes\u00fas.<br \/>\n<\/span><span class=\"fontstyle0\">Al encontrarlo, te encontrar\u00e1s tambi\u00e9n a\u00a0<\/span><span class=\"fontstyle0\">ti mismo libre de pensamientos fijos,\u00a0<\/span><span class=\"fontstyle0\">de emociones infelices, turbulencias, desesperanzas\u00a0<\/span><span class=\"fontstyle0\">o incluso de problemas sin soluciones.<\/span><\/p>\n<h4><a href=\"https:\/\/librosespiritualesallankardec.com\/descargas\/fragmento-libro-doce-palabras-amigas.pdf\" target=\"_blank\" rel=\"noopener\">Descarga un fragmento del libro<\/a><\/h4>\n","protected":false},"excerpt":{"rendered":"<p>Este ebook es una invitaci\u00f3n para tu viaje del alma, rumbo al estado de conciencia eterna frente a los dolorosos y transitorios momentos de una vida apenas, o de\u00a0un d\u00eda apenas en tu eternidad espiritual. Doce pasos para la felicidad: encontrar a Jes\u00fas. Oraciones y textos auxiliares para el tratamiento de la obsesi\u00f3n. Caminos de &hellip; <a href=\"https:\/\/www.lojacarita.com.br\/loja\/product\/ebook-doce-palabras-amigas-espanhol\/\">Continua<\/a><\/p>\n","protected":false},"featured_media":1516,"template":"","meta":[],"product_brand":[],"product_cat":[74],"product_tag":[],"class_list":{"0":"post-1515","1":"product","2":"type-product","3":"status-publish","4":"has-post-thumbnail","6":"product_cat-kits-em-castellano","8":"first","9":"instock","10":"downloadable","11":"virtual","12":"purchasable","13":"product-type-simple"},"acf":[],"yoast_head":"<!-- This site is optimized with the Yoast SEO plugin v27.4 - https:\/\/yoast.com\/product\/yoast-seo-wordpress\/ -->\n<title>EBOOK Doce palabras amigas (Espanhol) - Loja C\u00e1rita<\/title>\n<meta name=\"robots\" content=\"index, follow, max-snippet:-1, max-image-preview:large, max-video-preview:-1\" \/>\n<link rel=\"canonical\" href=\"https:\/\/www.lojacarita.com.br\/loja\/product\/ebook-doce-palabras-amigas-espanhol\/\" \/>\n<meta property=\"og:locale\" content=\"pt_BR\" \/>\n<meta property=\"og:type\" content=\"article\" \/>\n<meta property=\"og:title\" content=\"EBOOK Doce palabras amigas (Espanhol) - Loja C\u00e1rita\" \/>\n<meta property=\"og:description\" content=\"Este ebook es una invitaci\u00f3n para tu viaje del alma, rumbo al estado de conciencia eterna frente a los dolorosos y transitorios momentos de una vida apenas, o de\u00a0un d\u00eda apenas en tu eternidad espiritual. Doce pasos para la felicidad: encontrar a Jes\u00fas. Oraciones y textos auxiliares para el tratamiento de la obsesi\u00f3n. Caminos de &hellip; Continua\" \/>\n<meta property=\"og:url\" content=\"https:\/\/www.lojacarita.com.br\/loja\/product\/ebook-doce-palabras-amigas-espanhol\/\" \/>\n<meta property=\"og:site_name\" content=\"Loja C\u00e1rita\" \/>\n<meta property=\"article:modified_time\" content=\"2024-04-03T22:58:18+00:00\" \/>\n<meta property=\"og:image\" content=\"https:\/\/www.lojacarita.com.br\/loja\/wp-content\/uploads\/2023\/11\/portada-doce-palabras-amigas-500x500-1.jpg\" \/>\n\t<meta property=\"og:image:width\" content=\"500\" \/>\n\t<meta property=\"og:image:height\" content=\"500\" \/>\n\t<meta property=\"og:image:type\" content=\"image\/jpeg\" \/>\n<meta name=\"twitter:card\" content=\"summary_large_image\" \/>\n<meta name=\"twitter:label1\" content=\"Est. tempo de leitura\" \/>\n\t<meta name=\"twitter:data1\" content=\"1 minuto\" \/>\n<script type=\"application\/ld+json\" class=\"yoast-schema-graph\">{\"@context\":\"https:\\\/\\\/schema.org\",\"@graph\":[{\"@type\":\"WebPage\",\"@id\":\"https:\\\/\\\/www.lojacarita.com.br\\\/loja\\\/product\\\/ebook-doce-palabras-amigas-espanhol\\\/\",\"url\":\"https:\\\/\\\/www.lojacarita.com.br\\\/loja\\\/product\\\/ebook-doce-palabras-amigas-espanhol\\\/\",\"name\":\"EBOOK Doce palabras amigas (Espanhol) - Loja C\u00e1rita\",\"isPartOf\":{\"@id\":\"https:\\\/\\\/www.lojacarita.com.br\\\/loja\\\/#website\"},\"primaryImageOfPage\":{\"@id\":\"https:\\\/\\\/www.lojacarita.com.br\\\/loja\\\/product\\\/ebook-doce-palabras-amigas-espanhol\\\/#primaryimage\"},\"image\":{\"@id\":\"https:\\\/\\\/www.lojacarita.com.br\\\/loja\\\/product\\\/ebook-doce-palabras-amigas-espanhol\\\/#primaryimage\"},\"thumbnailUrl\":\"https:\\\/\\\/www.lojacarita.com.br\\\/loja\\\/wp-content\\\/uploads\\\/2023\\\/11\\\/portada-doce-palabras-amigas-500x500-1.jpg\",\"datePublished\":\"2023-11-03T17:36:54+00:00\",\"dateModified\":\"2024-04-03T22:58:18+00:00\",\"breadcrumb\":{\"@id\":\"https:\\\/\\\/www.lojacarita.com.br\\\/loja\\\/product\\\/ebook-doce-palabras-amigas-espanhol\\\/#breadcrumb\"},\"inLanguage\":\"pt-BR\",\"potentialAction\":[{\"@type\":\"ReadAction\",\"target\":[\"https:\\\/\\\/www.lojacarita.com.br\\\/loja\\\/product\\\/ebook-doce-palabras-amigas-espanhol\\\/\"]}]},{\"@type\":\"ImageObject\",\"inLanguage\":\"pt-BR\",\"@id\":\"https:\\\/\\\/www.lojacarita.com.br\\\/loja\\\/product\\\/ebook-doce-palabras-amigas-espanhol\\\/#primaryimage\",\"url\":\"https:\\\/\\\/www.lojacarita.com.br\\\/loja\\\/wp-content\\\/uploads\\\/2023\\\/11\\\/portada-doce-palabras-amigas-500x500-1.jpg\",\"contentUrl\":\"https:\\\/\\\/www.lojacarita.com.br\\\/loja\\\/wp-content\\\/uploads\\\/2023\\\/11\\\/portada-doce-palabras-amigas-500x500-1.jpg\",\"width\":500,\"height\":500},{\"@type\":\"BreadcrumbList\",\"@id\":\"https:\\\/\\\/www.lojacarita.com.br\\\/loja\\\/product\\\/ebook-doce-palabras-amigas-espanhol\\\/#breadcrumb\",\"itemListElement\":[{\"@type\":\"ListItem\",\"position\":1,\"name\":\"In\u00edcio\",\"item\":\"https:\\\/\\\/www.lojacarita.com.br\\\/loja\\\/\"},{\"@type\":\"ListItem\",\"position\":2,\"name\":\"Produtos\",\"item\":\"https:\\\/\\\/www.lojacarita.com.br\\\/loja\\\/nossos-produtos\\\/\"},{\"@type\":\"ListItem\",\"position\":3,\"name\":\"EBOOK Doce palabras amigas (Espanhol)\"}]},{\"@type\":\"WebSite\",\"@id\":\"https:\\\/\\\/www.lojacarita.com.br\\\/loja\\\/#website\",\"url\":\"https:\\\/\\\/www.lojacarita.com.br\\\/loja\\\/\",\"name\":\"Loja C\u00e1rita\",\"description\":\"Amai-vos e instrui-vos! Esp\u00edrito de Verdade\",\"publisher\":{\"@id\":\"https:\\\/\\\/www.lojacarita.com.br\\\/loja\\\/#organization\"},\"potentialAction\":[{\"@type\":\"SearchAction\",\"target\":{\"@type\":\"EntryPoint\",\"urlTemplate\":\"https:\\\/\\\/www.lojacarita.com.br\\\/loja\\\/?s={search_term_string}\"},\"query-input\":{\"@type\":\"PropertyValueSpecification\",\"valueRequired\":true,\"valueName\":\"search_term_string\"}}],\"inLanguage\":\"pt-BR\"},{\"@type\":\"Organization\",\"@id\":\"https:\\\/\\\/www.lojacarita.com.br\\\/loja\\\/#organization\",\"name\":\"Loja C\u00e1rita\",\"url\":\"https:\\\/\\\/www.lojacarita.com.br\\\/loja\\\/\",\"logo\":{\"@type\":\"ImageObject\",\"inLanguage\":\"pt-BR\",\"@id\":\"https:\\\/\\\/www.lojacarita.com.br\\\/loja\\\/#\\\/schema\\\/logo\\\/image\\\/\",\"url\":\"http:\\\/\\\/www.lojacarita.com.br\\\/loja2021\\\/wp-content\\\/uploads\\\/2021\\\/05\\\/favicon.png\",\"contentUrl\":\"http:\\\/\\\/www.lojacarita.com.br\\\/loja2021\\\/wp-content\\\/uploads\\\/2021\\\/05\\\/favicon.png\",\"width\":512,\"height\":512,\"caption\":\"Loja C\u00e1rita\"},\"image\":{\"@id\":\"https:\\\/\\\/www.lojacarita.com.br\\\/loja\\\/#\\\/schema\\\/logo\\\/image\\\/\"}}]}<\/script>\n<!-- \/ Yoast SEO plugin. -->","yoast_head_json":{"title":"EBOOK Doce palabras amigas (Espanhol) - Loja C\u00e1rita","robots":{"index":"index","follow":"follow","max-snippet":"max-snippet:-1","max-image-preview":"max-image-preview:large","max-video-preview":"max-video-preview:-1"},"canonical":"https:\/\/www.lojacarita.com.br\/loja\/product\/ebook-doce-palabras-amigas-espanhol\/","og_locale":"pt_BR","og_type":"article","og_title":"EBOOK Doce palabras amigas (Espanhol) - Loja C\u00e1rita","og_description":"Este ebook es una invitaci\u00f3n para tu viaje del alma, rumbo al estado de conciencia eterna frente a los dolorosos y transitorios momentos de una vida apenas, o de\u00a0un d\u00eda apenas en tu eternidad espiritual. Doce pasos para la felicidad: encontrar a Jes\u00fas. Oraciones y textos auxiliares para el tratamiento de la obsesi\u00f3n. Caminos de &hellip; Continua","og_url":"https:\/\/www.lojacarita.com.br\/loja\/product\/ebook-doce-palabras-amigas-espanhol\/","og_site_name":"Loja C\u00e1rita","article_modified_time":"2024-04-03T22:58:18+00:00","og_image":[{"width":500,"height":500,"url":"https:\/\/www.lojacarita.com.br\/loja\/wp-content\/uploads\/2023\/11\/portada-doce-palabras-amigas-500x500-1.jpg","type":"image\/jpeg"}],"twitter_card":"summary_large_image","twitter_misc":{"Est. tempo de leitura":"1 minuto"},"schema":{"@context":"https:\/\/schema.org","@graph":[{"@type":"WebPage","@id":"https:\/\/www.lojacarita.com.br\/loja\/product\/ebook-doce-palabras-amigas-espanhol\/","url":"https:\/\/www.lojacarita.com.br\/loja\/product\/ebook-doce-palabras-amigas-espanhol\/","name":"EBOOK Doce palabras amigas (Espanhol) - Loja C\u00e1rita","isPartOf":{"@id":"https:\/\/www.lojacarita.com.br\/loja\/#website"},"primaryImageOfPage":{"@id":"https:\/\/www.lojacarita.com.br\/loja\/product\/ebook-doce-palabras-amigas-espanhol\/#primaryimage"},"image":{"@id":"https:\/\/www.lojacarita.com.br\/loja\/product\/ebook-doce-palabras-amigas-espanhol\/#primaryimage"},"thumbnailUrl":"https:\/\/www.lojacarita.com.br\/loja\/wp-content\/uploads\/2023\/11\/portada-doce-palabras-amigas-500x500-1.jpg","datePublished":"2023-11-03T17:36:54+00:00","dateModified":"2024-04-03T22:58:18+00:00","breadcrumb":{"@id":"https:\/\/www.lojacarita.com.br\/loja\/product\/ebook-doce-palabras-amigas-espanhol\/#breadcrumb"},"inLanguage":"pt-BR","potentialAction":[{"@type":"ReadAction","target":["https:\/\/www.lojacarita.com.br\/loja\/product\/ebook-doce-palabras-amigas-espanhol\/"]}]},{"@type":"ImageObject","inLanguage":"pt-BR","@id":"https:\/\/www.lojacarita.com.br\/loja\/product\/ebook-doce-palabras-amigas-espanhol\/#primaryimage","url":"https:\/\/www.lojacarita.com.br\/loja\/wp-content\/uploads\/2023\/11\/portada-doce-palabras-amigas-500x500-1.jpg","contentUrl":"https:\/\/www.lojacarita.com.br\/loja\/wp-content\/uploads\/2023\/11\/portada-doce-palabras-amigas-500x500-1.jpg","width":500,"height":500},{"@type":"BreadcrumbList","@id":"https:\/\/www.lojacarita.com.br\/loja\/product\/ebook-doce-palabras-amigas-espanhol\/#breadcrumb","itemListElement":[{"@type":"ListItem","position":1,"name":"In\u00edcio","item":"https:\/\/www.lojacarita.com.br\/loja\/"},{"@type":"ListItem","position":2,"name":"Produtos","item":"https:\/\/www.lojacarita.com.br\/loja\/nossos-produtos\/"},{"@type":"ListItem","position":3,"name":"EBOOK Doce palabras amigas (Espanhol)"}]},{"@type":"WebSite","@id":"https:\/\/www.lojacarita.com.br\/loja\/#website","url":"https:\/\/www.lojacarita.com.br\/loja\/","name":"Loja C\u00e1rita","description":"Amai-vos e instrui-vos! Esp\u00edrito de Verdade","publisher":{"@id":"https:\/\/www.lojacarita.com.br\/loja\/#organization"},"potentialAction":[{"@type":"SearchAction","target":{"@type":"EntryPoint","urlTemplate":"https:\/\/www.lojacarita.com.br\/loja\/?s={search_term_string}"},"query-input":{"@type":"PropertyValueSpecification","valueRequired":true,"valueName":"search_term_string"}}],"inLanguage":"pt-BR"},{"@type":"Organization","@id":"https:\/\/www.lojacarita.com.br\/loja\/#organization","name":"Loja C\u00e1rita","url":"https:\/\/www.lojacarita.com.br\/loja\/","logo":{"@type":"ImageObject","inLanguage":"pt-BR","@id":"https:\/\/www.lojacarita.com.br\/loja\/#\/schema\/logo\/image\/","url":"http:\/\/www.lojacarita.com.br\/loja2021\/wp-content\/uploads\/2021\/05\/favicon.png","contentUrl":"http:\/\/www.lojacarita.com.br\/loja2021\/wp-content\/uploads\/2021\/05\/favicon.png","width":512,"height":512,"caption":"Loja C\u00e1rita"},"image":{"@id":"https:\/\/www.lojacarita.com.br\/loja\/#\/schema\/logo\/image\/"}}]}},"_links":{"self":[{"href":"https:\/\/www.lojacarita.com.br\/loja\/wp-json\/wp\/v2\/product\/1515","targetHints":{"allow":["GET"]}}],"collection":[{"href":"https:\/\/www.lojacarita.com.br\/loja\/wp-json\/wp\/v2\/product"}],"about":[{"href":"https:\/\/www.lojacarita.com.br\/loja\/wp-json\/wp\/v2\/types\/product"}],"wp:featuredmedia":[{"embeddable":true,"href":"https:\/\/www.lojacarita.com.br\/loja\/wp-json\/wp\/v2\/media\/1516"}],"wp:attachment":[{"href":"https:\/\/www.lojacarita.com.br\/loja\/wp-json\/wp\/v2\/media?parent=1515"}],"wp:term":[{"taxonomy":"product_brand","embeddable":true,"href":"https:\/\/www.lojacarita.com.br\/loja\/wp-json\/wp\/v2\/product_brand?post=1515"},{"taxonomy":"product_cat","embeddable":true,"href":"https:\/\/www.lojacarita.com.br\/loja\/wp-json\/wp\/v2\/product_cat?post=1515"},{"taxonomy":"product_tag","embeddable":true,"href":"https:\/\/www.lojacarita.com.br\/loja\/wp-json\/wp\/v2\/product_tag?post=1515"}],"curies":[{"name":"wp","href":"https:\/\/api.w.org\/{rel}","templated":true}]}}