{"id":1469,"date":"2023-11-03T14:34:43","date_gmt":"2023-11-03T17:34:43","guid":{"rendered":"https:\/\/www.lojacarita.com.br\/loja\/product\/boa-nova-1140\/"},"modified":"2024-04-03T08:59:07","modified_gmt":"2024-04-03T11:59:07","slug":"boa-nova-1140","status":"publish","type":"product","link":"https:\/\/www.lojacarita.com.br\/loja\/product\/boa-nova-1140\/","title":{"rendered":"Boa Nova 1140"},"content":{"rendered":"<p class=\"MsoNormal\" align=\"center\" style=\"text-align: left; margin-bottom: 0.0001pt; line-height: 150%;\"><span lang=\"PT-BR\" style=\"line-height: 150%;\">Deus e a<br \/>\ncria\u00e7\u00e3o \u00e0 Sua Semelhan\u00e7a!<o:p><\/o:p><\/span><\/p>\n<p class=\"MsoNormal\" style=\"margin-bottom: 0.0001pt; line-height: 150%;\">\n<p class=\"MsoNormal\" align=\"center\" style=\"text-align: left; margin-bottom: 0.0001pt; line-height: 150%;\"><span lang=\"PT-BR\" style=\"line-height: 150%;\">(superando o<br \/>\nmal do seculo XX e XXI: O sentido de Diferen\u00e7a)<b><font color=\"#ff0000\" face=\"FrysBaskerville BT, serif\"><span style=\"font-size: 10pt;\"><o:p><\/o:p><\/span><\/font><\/b><\/span><\/p>\n<p class=\"MsoNormal\" style=\"margin-bottom: 0.0001pt; line-height: 150%;\">13 de setembro de 2019<\/p>\n<p><\/p>\n<p>Psicofon\u00eda da m\u00e9dium Eliana dos Santos<\/p>\n<p>Dura\u00e7\u00e3o: 38min<\/p>\n<p><\/p>\n<p class=\"MsoNormal\" style=\"margin-bottom: 0.0001pt; line-height: 150%;\"><span lang=\"PT-BR\" style=\"line-height: 150%;\">Pequeno texto,  querida rede de<br \/>\naudi\u00e7\u00e3o, com poesia e uma imag\u00edstica que fortalece nossa viagem redentora ao encontro<br \/>\ndo Cristo &#8230; Aprendei de mim que sou Brdddando.<o:p><\/o:p><\/span><\/p>\n<p class=\"MsoNormal\" style=\"margin-bottom: 0.0001pt; line-height: 150%;\"><span lang=\"PT-BR\" style=\"line-height: 150%;\">Boa nova de n\u00famero hum mil cento e quarenta discorre sobre o perfume primaveril<br \/>\ne nos convida \u00e0 tornarmo-nos magn\u00e2nimos homens de bem&#8230; com os bens eternos.<o:p><\/o:p><\/span><\/p>\n<p class=\"MsoNormal\" style=\"margin-bottom: 0.0001pt; line-height: 150%;\"><span lang=\"PT-BR\" style=\"line-height: 150%;\">Entanto h\u00e1 um impedimento nesse percurso evolutivo \u00edntimo. A espiritualidade<br \/>\nnessas breves linhas desvenda a inveja a destruir nosso sentido de semelhan\u00e7a \u2013<br \/>\nque nos levaria ao pr\u00f3ximo, ao outro e, portanto, a Deus, ao amor de Deus!<o:p><\/o:p><\/span><\/p>\n<p class=\"MsoNormal\" style=\"margin-bottom: 0.0001pt; line-height: 150%;\"><span lang=\"PT-BR\" style=\"line-height: 150%;\">Linhas discorrem sobre a busca desenfreada humana pela diferen\u00e7a. O<br \/>\nsentido de diferen\u00e7a coloca o outro em exclus\u00e3o pois representa competi\u00e7\u00e3o e<br \/>\nminha nega\u00e7\u00e3o&#8230; Um d\u00eas-humanismo devastador instaurado no final s\u00e9culo XIX,<br \/>\nperdurando no s\u00e9culo XX e vindo at\u00e9 nossos dias, s\u00e9culo 21 torna nossa terra<br \/>\ndevastada&#8230;nossa Amaz\u00f4nia \u00edntima queimada em vez de preservada.<o:p><\/o:p><\/span><\/p>\n<p class=\"MsoNormal\" style=\"margin-bottom: 0.0001pt; line-height: 150%;\"><span lang=\"PT-BR\" style=\"line-height: 150%;\">O que ser\u00e1 essa nossa Amaz\u00f4nia Intima? E essa devasta\u00e7\u00e3o realizada com<br \/>\nnossas pr\u00f3prias m\u00e3os? <o:p><\/o:p><\/span><\/p>\n<p class=\"MsoNormal\" style=\"margin-bottom: 0.0001pt; line-height: 150%;\"><span lang=\"PT-BR\" style=\"line-height: 150%;\">Ou\u00e7amos essa voz. Nela encontraremos esclarecimento, conhecimento e refrig\u00e9rio!<o:p><\/o:p><\/span><\/p>\n<p class=\"MsoNormal\" style=\"margin-bottom: 0.0001pt; line-height: 150%;\"><span lang=\"PT-BR\" style=\"line-height: 150%;\">Diz a espiritualidade: \u201cE essa \u00e9 a<br \/>\nvoz a voz maior do Cristo: o meu pr\u00f3ximo, o outro! Dentro da grande hist\u00f3ria da<br \/>\ncristandade n\u00f3s nos perdemos do outro. Mas toda a orla dessa veste cr\u00edstica da<br \/>\ncura que \u00e9 a f\u00e9, toda ela est\u00e1 nesse desiderato, est\u00e1 no pr\u00f3ximo, est\u00e1 na<br \/>\nnatureza, porque toda ela se d\u00e1 para o outro &#8211; e na natureza humana tamb\u00e9m<\/span><span lang=\"PT-BR\" style=\"line-height: 150%;\">: Deus<br \/>\nnos fez \u00e0 Sua imagem e semelhan\u00e7a. Quantas e quantas vezes repetimos aqui<br \/>\nesta frase ao longo desses vinte e seis anos&#8230; Semelhan\u00e7a! <o:p><\/o:p><\/span><\/p>\n<p class=\"MsoNormal\" style=\"margin-bottom: 0.0001pt; line-height: 150%;\"><span lang=\"PT-BR\" style=\"line-height: 150%;\">N\u00f3s, perdidos em nossos adoecimentos do<br \/>\nego\u00edsmo buscamos as diferen\u00e7as.<\/span><span lang=\"PT-BR\" style=\"line-height: 150%;\"> Desejamos ardentemente os primeiros lugares at\u00e9 mesmo sem estarmos<br \/>\npreparados para eles. E desconhecendo<br \/>\nque os primeiros lugares s\u00e3o os \u00faltimos tamb\u00e9m, somos possu\u00eddos de uma dem\u00eancia<br \/>\nque muitas vezes perdura por reencarna\u00e7\u00f5es atr\u00e1s de reencarna\u00e7\u00f5es,<br \/>\ninfelizmente. Quero ser o m\u00e1ximo, o \u00fanico. Quero ser o que inventou a inven\u00e7\u00e3o.<br \/>\nNo fundo trazemos esta doen\u00e7a da \u2018inveja\u2019&#8230; Queremos ser Deus no lugar de Deus.\u201d<o:p><\/o:p><\/span><\/p>\n<p class=\"MsoNormal\" style=\"margin-bottom: 0.0001pt; line-height: 150%;\"><span lang=\"PT-BR\" style=\"line-height: 150%;\">Grande abra\u00e7o!<o:p><\/o:p><\/span><\/p>\n<p class=\"MsoNormal\" style=\"margin-bottom: 0.0001pt; line-height: 150%;\"><span lang=\"PT-BR\" style=\"line-height: 150%;\">C\u00e1rita Editora editando livros do<br \/>\nser para ser o que somos em verdade e vida, desvendando o que n\u00e3o somos, mas<br \/>\ncremos \u2013 devido a uma indu\u00e7\u00e3o ideol\u00f3gica brutal \u2013 que somos!<o:p><\/o:p><\/span><\/p>\n<p class=\"MsoNormal\" style=\"margin-bottom: 0.0001pt; line-height: 150%;\">\n<p class=\"MsoNormal\" style=\"margin-bottom: 0.0001pt; line-height: 150%;\"><span lang=\"PT-BR\" style=\"line-height: 150%;\">Carinho e Gratid\u00e3o envolvem esse encontro : a reciprocidade do amor no<br \/>\nrecinto de prece da Casa de Ora\u00e7\u00e3o F\u00e9 e Amor!<b><font face=\"FrysBaskerville BT, serif\"><span style=\"font-size: 10pt;\"><o:p><\/o:p><\/span><\/font><\/b><\/span><\/p>\n<p class=\"MsoNormal\" style=\"margin-bottom: 0.0001pt; line-height: 150%;\"><span lang=\"PT-BR\" style=\"line-height: 150%;\"><font face=\"FrysBaskerville BT, serif\"><span style=\"font-size: 10pt;\"><o:p><br \/><\/o:p><\/span><\/font><\/span><\/p>\n<p class=\"MsoNormal\" style=\"margin-bottom: 0.0001pt; line-height: 150%;\"><span lang=\"PT-BR\" style=\"line-height: 150%;\"><font face=\"FrysBaskerville BT, serif\"><span style=\"font-size: 10pt;\"><o:p>&#8212;<\/o:p><\/span><\/font><\/span><\/p>\n<p class=\"MsoNormal\"><span lang=\"PT-BR\" style=\"line-height: 150%;\"><br \/><\/span><\/p>\n<\/p>\n<p class=\"MsoNormal\"><span style=\"color: inherit; font-family: inherit;\">Ouve a apresenta\u00e7\u00e3o da mensagem espiritual:<\/span><\/p>\n<p><audio style=\"width:350px;background:#ffffff;width: 370px;\" preload=\"none\" ontimeupdate=\"updateTime()\" controls=\"\" metadata=\"\"><source src=\"https:\/\/www.lojacarita.com.br\/loja\/wp-content\/uploads\/2023\/11\/samples\/bn-1140-abertura.mp3\" type=\"audio\/mpeg\"><a href=\"https:\/\/www.lojacarita.com.br\/loja\/wp-content\/uploads\/2023\/11\/samples\/bn-1140-abertura.mp3\"><font size=\"2\">Play<\/font><\/a><\/audio><\/p>\n<hr width=\"75%\">\n<h5>Ouve os primeiros 5 minutos da mensagem espiritual:<\/h5>\n<p><audio style=\"width:350px;background:#ffffff;width: 370px;\" preload=\"none\" ontimeupdate=\"updateTime()\" controls=\"\" metadata=\"\"><source src=\"https:\/\/www.lojacarita.com.br\/loja\/wp-content\/uploads\/2023\/11\/samples\/bn-1140-sample.mp3\" type=\"audio\/mpeg\"><a href=\"https:\/\/www.lojacarita.com.br\/loja\/wp-content\/uploads\/2023\/11\/samples\/bn-1140-sample.mp3\"><font size=\"2\">Play<\/font><\/a><\/audio><\/p>\n","protected":false},"excerpt":{"rendered":"<p>Deus e a cria\u00e7\u00e3o \u00e0 Sua Semelhan\u00e7a! (superando o mal do seculo XX e XXI: O sentido de Diferen\u00e7a) 13 de setembro de 2019 Psicofon\u00eda da m\u00e9dium Eliana dos Santos Dura\u00e7\u00e3o: 38min Pequeno texto, querida rede de audi\u00e7\u00e3o, com poesia e uma imag\u00edstica que fortalece nossa viagem redentora ao encontro do Cristo &#8230; Aprendei de &hellip; <a href=\"https:\/\/www.lojacarita.com.br\/loja\/product\/boa-nova-1140\/\">Continua<\/a><\/p>\n","protected":false},"featured_media":1470,"template":"","meta":[],"product_brand":[],"product_cat":[81],"product_tag":[],"class_list":{"0":"post-1469","1":"product","2":"type-product","3":"status-publish","4":"has-post-thumbnail","6":"product_cat-boas_novas","8":"first","9":"instock","10":"downloadable","11":"virtual","12":"purchasable","13":"product-type-simple"},"acf":[],"yoast_head":"<!-- This site is optimized with the Yoast SEO plugin v27.4 - https:\/\/yoast.com\/product\/yoast-seo-wordpress\/ -->\n<title>Boa Nova 1140 - Loja C\u00e1rita<\/title>\n<meta name=\"robots\" content=\"index, follow, max-snippet:-1, max-image-preview:large, max-video-preview:-1\" \/>\n<link rel=\"canonical\" href=\"https:\/\/www.lojacarita.com.br\/loja\/product\/boa-nova-1140\/\" \/>\n<meta property=\"og:locale\" content=\"pt_BR\" \/>\n<meta property=\"og:type\" content=\"article\" \/>\n<meta property=\"og:title\" content=\"Boa Nova 1140 - Loja C\u00e1rita\" \/>\n<meta property=\"og:description\" content=\"Deus e a cria\u00e7\u00e3o \u00e0 Sua Semelhan\u00e7a! (superando o mal do seculo XX e XXI: O sentido de Diferen\u00e7a) 13 de setembro de 2019 Psicofon\u00eda da m\u00e9dium Eliana dos Santos Dura\u00e7\u00e3o: 38min Pequeno texto, querida rede de audi\u00e7\u00e3o, com poesia e uma imag\u00edstica que fortalece nossa viagem redentora ao encontro do Cristo &#8230; Aprendei de &hellip; Continua\" \/>\n<meta property=\"og:url\" content=\"https:\/\/www.lojacarita.com.br\/loja\/product\/boa-nova-1140\/\" \/>\n<meta property=\"og:site_name\" content=\"Loja C\u00e1rita\" \/>\n<meta property=\"article:modified_time\" content=\"2024-04-03T11:59:07+00:00\" \/>\n<meta property=\"og:image\" content=\"https:\/\/www.lojacarita.com.br\/loja\/wp-content\/uploads\/2023\/11\/boa-nova-digital-90.jpg\" \/>\n\t<meta property=\"og:image:width\" content=\"681\" \/>\n\t<meta property=\"og:image:height\" content=\"681\" \/>\n\t<meta property=\"og:image:type\" content=\"image\/jpeg\" \/>\n<meta name=\"twitter:card\" content=\"summary_large_image\" \/>\n<meta name=\"twitter:label1\" content=\"Est. tempo de leitura\" \/>\n\t<meta name=\"twitter:data1\" content=\"2 minutos\" \/>\n<script type=\"application\/ld+json\" class=\"yoast-schema-graph\">{\"@context\":\"https:\\\/\\\/schema.org\",\"@graph\":[{\"@type\":\"WebPage\",\"@id\":\"https:\\\/\\\/www.lojacarita.com.br\\\/loja\\\/product\\\/boa-nova-1140\\\/\",\"url\":\"https:\\\/\\\/www.lojacarita.com.br\\\/loja\\\/product\\\/boa-nova-1140\\\/\",\"name\":\"Boa Nova 1140 - Loja C\u00e1rita\",\"isPartOf\":{\"@id\":\"https:\\\/\\\/www.lojacarita.com.br\\\/loja\\\/#website\"},\"primaryImageOfPage\":{\"@id\":\"https:\\\/\\\/www.lojacarita.com.br\\\/loja\\\/product\\\/boa-nova-1140\\\/#primaryimage\"},\"image\":{\"@id\":\"https:\\\/\\\/www.lojacarita.com.br\\\/loja\\\/product\\\/boa-nova-1140\\\/#primaryimage\"},\"thumbnailUrl\":\"https:\\\/\\\/www.lojacarita.com.br\\\/loja\\\/wp-content\\\/uploads\\\/2023\\\/11\\\/boa-nova-digital-90.jpg\",\"datePublished\":\"2023-11-03T17:34:43+00:00\",\"dateModified\":\"2024-04-03T11:59:07+00:00\",\"breadcrumb\":{\"@id\":\"https:\\\/\\\/www.lojacarita.com.br\\\/loja\\\/product\\\/boa-nova-1140\\\/#breadcrumb\"},\"inLanguage\":\"pt-BR\",\"potentialAction\":[{\"@type\":\"ReadAction\",\"target\":[\"https:\\\/\\\/www.lojacarita.com.br\\\/loja\\\/product\\\/boa-nova-1140\\\/\"]}]},{\"@type\":\"ImageObject\",\"inLanguage\":\"pt-BR\",\"@id\":\"https:\\\/\\\/www.lojacarita.com.br\\\/loja\\\/product\\\/boa-nova-1140\\\/#primaryimage\",\"url\":\"https:\\\/\\\/www.lojacarita.com.br\\\/loja\\\/wp-content\\\/uploads\\\/2023\\\/11\\\/boa-nova-digital-90.jpg\",\"contentUrl\":\"https:\\\/\\\/www.lojacarita.com.br\\\/loja\\\/wp-content\\\/uploads\\\/2023\\\/11\\\/boa-nova-digital-90.jpg\",\"width\":681,\"height\":681},{\"@type\":\"BreadcrumbList\",\"@id\":\"https:\\\/\\\/www.lojacarita.com.br\\\/loja\\\/product\\\/boa-nova-1140\\\/#breadcrumb\",\"itemListElement\":[{\"@type\":\"ListItem\",\"position\":1,\"name\":\"In\u00edcio\",\"item\":\"https:\\\/\\\/www.lojacarita.com.br\\\/loja\\\/\"},{\"@type\":\"ListItem\",\"position\":2,\"name\":\"Produtos\",\"item\":\"https:\\\/\\\/www.lojacarita.com.br\\\/loja\\\/nossos-produtos\\\/\"},{\"@type\":\"ListItem\",\"position\":3,\"name\":\"Boa Nova 1140\"}]},{\"@type\":\"WebSite\",\"@id\":\"https:\\\/\\\/www.lojacarita.com.br\\\/loja\\\/#website\",\"url\":\"https:\\\/\\\/www.lojacarita.com.br\\\/loja\\\/\",\"name\":\"Loja C\u00e1rita\",\"description\":\"Amai-vos e instrui-vos! Esp\u00edrito de Verdade\",\"publisher\":{\"@id\":\"https:\\\/\\\/www.lojacarita.com.br\\\/loja\\\/#organization\"},\"potentialAction\":[{\"@type\":\"SearchAction\",\"target\":{\"@type\":\"EntryPoint\",\"urlTemplate\":\"https:\\\/\\\/www.lojacarita.com.br\\\/loja\\\/?s={search_term_string}\"},\"query-input\":{\"@type\":\"PropertyValueSpecification\",\"valueRequired\":true,\"valueName\":\"search_term_string\"}}],\"inLanguage\":\"pt-BR\"},{\"@type\":\"Organization\",\"@id\":\"https:\\\/\\\/www.lojacarita.com.br\\\/loja\\\/#organization\",\"name\":\"Loja C\u00e1rita\",\"url\":\"https:\\\/\\\/www.lojacarita.com.br\\\/loja\\\/\",\"logo\":{\"@type\":\"ImageObject\",\"inLanguage\":\"pt-BR\",\"@id\":\"https:\\\/\\\/www.lojacarita.com.br\\\/loja\\\/#\\\/schema\\\/logo\\\/image\\\/\",\"url\":\"http:\\\/\\\/www.lojacarita.com.br\\\/loja2021\\\/wp-content\\\/uploads\\\/2021\\\/05\\\/favicon.png\",\"contentUrl\":\"http:\\\/\\\/www.lojacarita.com.br\\\/loja2021\\\/wp-content\\\/uploads\\\/2021\\\/05\\\/favicon.png\",\"width\":512,\"height\":512,\"caption\":\"Loja C\u00e1rita\"},\"image\":{\"@id\":\"https:\\\/\\\/www.lojacarita.com.br\\\/loja\\\/#\\\/schema\\\/logo\\\/image\\\/\"}}]}<\/script>\n<!-- \/ Yoast SEO plugin. -->","yoast_head_json":{"title":"Boa Nova 1140 - Loja C\u00e1rita","robots":{"index":"index","follow":"follow","max-snippet":"max-snippet:-1","max-image-preview":"max-image-preview:large","max-video-preview":"max-video-preview:-1"},"canonical":"https:\/\/www.lojacarita.com.br\/loja\/product\/boa-nova-1140\/","og_locale":"pt_BR","og_type":"article","og_title":"Boa Nova 1140 - Loja C\u00e1rita","og_description":"Deus e a cria\u00e7\u00e3o \u00e0 Sua Semelhan\u00e7a! (superando o mal do seculo XX e XXI: O sentido de Diferen\u00e7a) 13 de setembro de 2019 Psicofon\u00eda da m\u00e9dium Eliana dos Santos Dura\u00e7\u00e3o: 38min Pequeno texto, querida rede de audi\u00e7\u00e3o, com poesia e uma imag\u00edstica que fortalece nossa viagem redentora ao encontro do Cristo &#8230; Aprendei de &hellip; Continua","og_url":"https:\/\/www.lojacarita.com.br\/loja\/product\/boa-nova-1140\/","og_site_name":"Loja C\u00e1rita","article_modified_time":"2024-04-03T11:59:07+00:00","og_image":[{"width":681,"height":681,"url":"https:\/\/www.lojacarita.com.br\/loja\/wp-content\/uploads\/2023\/11\/boa-nova-digital-90.jpg","type":"image\/jpeg"}],"twitter_card":"summary_large_image","twitter_misc":{"Est. tempo de leitura":"2 minutos"},"schema":{"@context":"https:\/\/schema.org","@graph":[{"@type":"WebPage","@id":"https:\/\/www.lojacarita.com.br\/loja\/product\/boa-nova-1140\/","url":"https:\/\/www.lojacarita.com.br\/loja\/product\/boa-nova-1140\/","name":"Boa Nova 1140 - Loja C\u00e1rita","isPartOf":{"@id":"https:\/\/www.lojacarita.com.br\/loja\/#website"},"primaryImageOfPage":{"@id":"https:\/\/www.lojacarita.com.br\/loja\/product\/boa-nova-1140\/#primaryimage"},"image":{"@id":"https:\/\/www.lojacarita.com.br\/loja\/product\/boa-nova-1140\/#primaryimage"},"thumbnailUrl":"https:\/\/www.lojacarita.com.br\/loja\/wp-content\/uploads\/2023\/11\/boa-nova-digital-90.jpg","datePublished":"2023-11-03T17:34:43+00:00","dateModified":"2024-04-03T11:59:07+00:00","breadcrumb":{"@id":"https:\/\/www.lojacarita.com.br\/loja\/product\/boa-nova-1140\/#breadcrumb"},"inLanguage":"pt-BR","potentialAction":[{"@type":"ReadAction","target":["https:\/\/www.lojacarita.com.br\/loja\/product\/boa-nova-1140\/"]}]},{"@type":"ImageObject","inLanguage":"pt-BR","@id":"https:\/\/www.lojacarita.com.br\/loja\/product\/boa-nova-1140\/#primaryimage","url":"https:\/\/www.lojacarita.com.br\/loja\/wp-content\/uploads\/2023\/11\/boa-nova-digital-90.jpg","contentUrl":"https:\/\/www.lojacarita.com.br\/loja\/wp-content\/uploads\/2023\/11\/boa-nova-digital-90.jpg","width":681,"height":681},{"@type":"BreadcrumbList","@id":"https:\/\/www.lojacarita.com.br\/loja\/product\/boa-nova-1140\/#breadcrumb","itemListElement":[{"@type":"ListItem","position":1,"name":"In\u00edcio","item":"https:\/\/www.lojacarita.com.br\/loja\/"},{"@type":"ListItem","position":2,"name":"Produtos","item":"https:\/\/www.lojacarita.com.br\/loja\/nossos-produtos\/"},{"@type":"ListItem","position":3,"name":"Boa Nova 1140"}]},{"@type":"WebSite","@id":"https:\/\/www.lojacarita.com.br\/loja\/#website","url":"https:\/\/www.lojacarita.com.br\/loja\/","name":"Loja C\u00e1rita","description":"Amai-vos e instrui-vos! Esp\u00edrito de Verdade","publisher":{"@id":"https:\/\/www.lojacarita.com.br\/loja\/#organization"},"potentialAction":[{"@type":"SearchAction","target":{"@type":"EntryPoint","urlTemplate":"https:\/\/www.lojacarita.com.br\/loja\/?s={search_term_string}"},"query-input":{"@type":"PropertyValueSpecification","valueRequired":true,"valueName":"search_term_string"}}],"inLanguage":"pt-BR"},{"@type":"Organization","@id":"https:\/\/www.lojacarita.com.br\/loja\/#organization","name":"Loja C\u00e1rita","url":"https:\/\/www.lojacarita.com.br\/loja\/","logo":{"@type":"ImageObject","inLanguage":"pt-BR","@id":"https:\/\/www.lojacarita.com.br\/loja\/#\/schema\/logo\/image\/","url":"http:\/\/www.lojacarita.com.br\/loja2021\/wp-content\/uploads\/2021\/05\/favicon.png","contentUrl":"http:\/\/www.lojacarita.com.br\/loja2021\/wp-content\/uploads\/2021\/05\/favicon.png","width":512,"height":512,"caption":"Loja C\u00e1rita"},"image":{"@id":"https:\/\/www.lojacarita.com.br\/loja\/#\/schema\/logo\/image\/"}}]}},"_links":{"self":[{"href":"https:\/\/www.lojacarita.com.br\/loja\/wp-json\/wp\/v2\/product\/1469","targetHints":{"allow":["GET"]}}],"collection":[{"href":"https:\/\/www.lojacarita.com.br\/loja\/wp-json\/wp\/v2\/product"}],"about":[{"href":"https:\/\/www.lojacarita.com.br\/loja\/wp-json\/wp\/v2\/types\/product"}],"wp:featuredmedia":[{"embeddable":true,"href":"https:\/\/www.lojacarita.com.br\/loja\/wp-json\/wp\/v2\/media\/1470"}],"wp:attachment":[{"href":"https:\/\/www.lojacarita.com.br\/loja\/wp-json\/wp\/v2\/media?parent=1469"}],"wp:term":[{"taxonomy":"product_brand","embeddable":true,"href":"https:\/\/www.lojacarita.com.br\/loja\/wp-json\/wp\/v2\/product_brand?post=1469"},{"taxonomy":"product_cat","embeddable":true,"href":"https:\/\/www.lojacarita.com.br\/loja\/wp-json\/wp\/v2\/product_cat?post=1469"},{"taxonomy":"product_tag","embeddable":true,"href":"https:\/\/www.lojacarita.com.br\/loja\/wp-json\/wp\/v2\/product_tag?post=1469"}],"curies":[{"name":"wp","href":"https:\/\/api.w.org\/{rel}","templated":true}]}}