{"id":1401,"date":"2023-11-03T14:31:44","date_gmt":"2023-11-03T17:31:44","guid":{"rendered":"https:\/\/www.lojacarita.com.br\/loja\/product\/boa-nova-1106\/"},"modified":"2024-04-03T08:59:12","modified_gmt":"2024-04-03T11:59:12","slug":"boa-nova-1106","status":"publish","type":"product","link":"https:\/\/www.lojacarita.com.br\/loja\/product\/boa-nova-1106\/","title":{"rendered":"Boa Nova 1106"},"content":{"rendered":"<p class=\"MsoNormal\"><span lang=\"PT-BR\" style=\"line-height: 150%;\">C<\/span><span lang=\"PT-BR\" style=\"line-height: 150%;\">urando&#8230; E Musicalidade do AMor<\/span><span lang=\"PT-BR\" style=\"line-height: 150%;\">&#8230; <br \/>O Livro dos Esp\u00edritos \u2013 Livro Segundo \u2013 O Mundo dos Esp\u00edritos<\/span><\/p>\n<p class=\"MsoNormal\" style=\"line-height: 150%;\">18 de janeiro de 2019<\/p>\n<p><\/p>\n<p>Psicofon\u00eda da m\u00e9dium Eliana dos Santos<\/p>\n<p>Dura\u00e7\u00e3o: 33min<\/p>\n<p><\/p>\n<p class=\"MsoNormal\"><span lang=\"PT-BR\" style=\"line-height: 150%;\">O novo<br \/>\nano traz o orvalho do amanhecer&#8230; O perfume das manh\u00e3s&#8230; Ano em que a<br \/>\nesperan\u00e7a nos anima a travessia. E na AMIC, Casa de Ora\u00e7\u00e3o F\u00e9 e Amor, em<br \/>\nCampinas, a palavra espiritual dessa data de 18 de janeiro traz a mensagem a<br \/>\npartir da musicalidade do querido pianista e irm\u00e3o de caminho Francisco<br \/>\nMaugeri&#8230; <o:p><\/o:p><\/span><\/p>\n<p class=\"MsoNormal\"><span lang=\"PT-BR\" style=\"line-height: 150%;\">A<br \/>\nprele\u00e7\u00e3o de n\u00famero hum mil cento e seis com o t\u00edtulo \u201cC<\/span><span lang=\"PT-BR\" style=\"line-height: 150%;\">urando&#8230; E Musicalidade do AMor<\/span><span lang=\"PT-BR\" style=\"line-height: 150%;\">&#8230; (O Livro dos Esp\u00edritos \u2013 Livro Segundo \u2013 O<br \/>\nMundo dos Esp\u00edritos)\u201d<\/span><span lang=\"PT-BR\" style=\"line-height: 150%;\"> <\/span><span lang=\"PT-BR\" style=\"line-height: 150%;\">faz<br \/>\napontamentos sobre essa execu\u00e7\u00e3o e a condi\u00e7\u00e3o humana&#8230; Diz que <\/span><span lang=\"PT-BR\" style=\"line-height: 150%;\">Assim&#8230; assim&#8230; Como esta execu\u00e7\u00e3o terna, suave, fraternal, exalando o<br \/>\nperfume espiritual, assim nossa noite \u00e9 coroada de delicadeza&#8230; As delicadezas<br \/>\npr\u00f3prias a quem ama. Quem ama torna-se naturalmente espont\u00e2nea em seu toque!<br \/>\nEsta execu\u00e7\u00e3o musical nos d\u00e1 visibilidade das fragr\u00e2ncias da alma quando ama.<br \/>\nDevagar e suavemente vamos encontrando aqueles a quem amamos no estado do amor<br \/>\npurificado \u2013 assim verte de nossos gestos a execu\u00e7\u00e3o desta pe\u00e7a magistral,<br \/>\nali\u00e1s, partitura do infinito, partitura divina do infinito escrita nas nossas<br \/>\nmem\u00f3rias ancestrais c\u00f3smicas e a encarna\u00e7\u00e3o \u00e9 este instrumento, este \u00f3rg\u00e3o,<br \/>\neste organismo atrav\u00e9s do qual executamos as notas sens\u00edveis desta musicalidade<br \/>\ndo ser&#8230; A musicalidade do amor e do amar. <o:p><\/o:p><\/span><\/p>\n<p class=\"MsoNormal\" style=\"\"><span lang=\"PT-BR\" style=\"line-height: 150%;\">Um segundo tema tratado \u00e9 o da enfermidade e o da<br \/>\ncura&#8230; O Livro dos Esp\u00edritos \u00e9 lembrado<br \/>\nnessa prele\u00e7\u00e3o&#8230; Somos chamados ao estudo e reflex\u00e3o, pois <\/span><span lang=\"PT-BR\" style=\"line-height: 150%;\">O segundo livro&nbsp; de O<br \/>\nLivro dos Esp\u00edritos traz de forma muito clara e definida as rela\u00e7\u00f5es do<br \/>\nmundo incorp\u00f3reo com o corp\u00f3reo proporcionando-nos vari\u00e1veis que facilitam &#8211; ou<br \/>\nvari\u00e1veis facilitadoras da nossa ascese, do nosso crescimento na dire\u00e7\u00e3o divina,<br \/>\ndo nosso contato com o nosso ser divino&#8230; E \u00e9 ele que restaurar\u00e1 as premissas<br \/>\ncurativas do nosso ser.<\/span><span lang=\"PT-BR\" style=\"line-height: 150%;\"><o:p><\/o:p><\/span><\/p>\n<p class=\"MsoNormal\" style=\"\"><span lang=\"PT-BR\" style=\"line-height: 150%;\">Esclarece-nos o esp\u00edrito comunicante que as<br \/>\nenfermidades t\u00eam uma causa comum: as dist\u00e2ncias de n\u00f3s para n\u00f3s mesmos&#8230; Viver<br \/>\nrastejando quando podemos voar causar\u00e1 deformidades em nosso organismo; causar\u00e1<br \/>\nas chamadas \u2018diversas enfermidades\u2019. N\u00f3s precisamos, sim, rastejar, mas<br \/>\nrastejar como quem sobrevoa&#8230; Entre a lagarta e a borboleta este salto no<br \/>\nhumano pode ser feito enquanto caminhamos pela terra. Ou perdemos a sensa\u00e7\u00e3o da<br \/>\nleveza incorp\u00f3rea&#8230;&nbsp; <o:p><\/o:p><\/span><\/p>\n<p class=\"MsoNormal\" style=\"\"><span lang=\"PT-BR\" style=\"line-height: 150%;\">Deixamos o convite: vamos olhar para essa<br \/>\nrealidade!<o:p><\/o:p><\/span><\/p>\n<p class=\"MsoNormal\" style=\"\"><span lang=\"PT-BR\" style=\"line-height: 150%;\">C\u00e1rita Editora convida voc\u00ea, querida alma dessa<br \/>\nRede de Audi\u00e7\u00e3o, a mais um momento de crescimento interior.<o:p><\/o:p><\/span><\/p>\n<p style=\"margin: 0cm 0cm 0.0001pt; line-height: 150%;\"><span style=\"text-indent: 35.4pt;\">Grande abra\u00e7o, e gratid\u00e3o a Deus por sua presen\u00e7a<br \/>\nem nosso espa\u00e7o de comunica\u00e7\u00e3o e crescimento do \u201cIde e Pregai\u201d!<\/span>&nbsp;<\/p>\n<p><span lang=\"PT-BR\" style=\"text-align: justify; text-indent: 35.45pt; color: inherit; font-family: inherit; line-height: 150%;\"><br \/><\/span><\/p>\n<\/p>\n<p class=\"MsoNormal\"><span style=\"color: inherit; font-family: inherit;\">Ouve a apresenta\u00e7\u00e3o da mensagem espiritual:<\/span><\/p>\n<p><audio style=\"width:350px;background:#ffffff;width: 370px;\" preload=\"none\" ontimeupdate=\"updateTime()\" controls=\"\" metadata=\"\"><source src=\"https:\/\/www.lojacarita.com.br\/loja\/wp-content\/uploads\/2023\/11\/samples\/bn-1106-abertura.mp3\" type=\"audio\/mpeg\"><a href=\"https:\/\/www.lojacarita.com.br\/loja\/wp-content\/uploads\/2023\/11\/samples\/bn-1106-abertura.mp3\"><font size=\"2\">Play<\/font><\/a><\/audio><\/p>\n<hr width=\"75%\">\n<h5>Ouve os primeiros 5 minutos da mensagem espiritual:<\/h5>\n<p><audio style=\"width:350px;background:#ffffff;width: 370px;\" preload=\"none\" ontimeupdate=\"updateTime()\" controls=\"\" metadata=\"\"><source src=\"https:\/\/www.lojacarita.com.br\/loja\/wp-content\/uploads\/2023\/11\/samples\/bn-1106-sample.mp3\" type=\"audio\/mpeg\"><a href=\"https:\/\/www.lojacarita.com.br\/loja\/wp-content\/uploads\/2023\/11\/samples\/bn-1106-sample.mp3\"><font size=\"2\">Play<\/font><\/a><\/audio><\/p>\n","protected":false},"excerpt":{"rendered":"<p>Curando&#8230; E Musicalidade do AMor&#8230; O Livro dos Esp\u00edritos \u2013 Livro Segundo \u2013 O Mundo dos Esp\u00edritos 18 de janeiro de 2019 Psicofon\u00eda da m\u00e9dium Eliana dos Santos Dura\u00e7\u00e3o: 33min O novo ano traz o orvalho do amanhecer&#8230; O perfume das manh\u00e3s&#8230; Ano em que a esperan\u00e7a nos anima a travessia. E na AMIC, Casa &hellip; <a href=\"https:\/\/www.lojacarita.com.br\/loja\/product\/boa-nova-1106\/\">Continua<\/a><\/p>\n","protected":false},"featured_media":1402,"template":"","meta":[],"product_brand":[],"product_cat":[81],"product_tag":[],"class_list":{"0":"post-1401","1":"product","2":"type-product","3":"status-publish","4":"has-post-thumbnail","6":"product_cat-boas_novas","8":"first","9":"instock","10":"downloadable","11":"virtual","12":"purchasable","13":"product-type-simple"},"acf":[],"yoast_head":"<!-- This site is optimized with the Yoast SEO plugin v27.4 - https:\/\/yoast.com\/product\/yoast-seo-wordpress\/ -->\n<title>Boa Nova 1106 - Loja C\u00e1rita<\/title>\n<meta name=\"robots\" content=\"index, follow, max-snippet:-1, max-image-preview:large, max-video-preview:-1\" \/>\n<link rel=\"canonical\" href=\"https:\/\/www.lojacarita.com.br\/loja\/product\/boa-nova-1106\/\" \/>\n<meta property=\"og:locale\" content=\"pt_BR\" \/>\n<meta property=\"og:type\" content=\"article\" \/>\n<meta property=\"og:title\" content=\"Boa Nova 1106 - Loja C\u00e1rita\" \/>\n<meta property=\"og:description\" content=\"Curando&#8230; E Musicalidade do AMor&#8230; O Livro dos Esp\u00edritos \u2013 Livro Segundo \u2013 O Mundo dos Esp\u00edritos 18 de janeiro de 2019 Psicofon\u00eda da m\u00e9dium Eliana dos Santos Dura\u00e7\u00e3o: 33min O novo ano traz o orvalho do amanhecer&#8230; O perfume das manh\u00e3s&#8230; Ano em que a esperan\u00e7a nos anima a travessia. E na AMIC, Casa &hellip; Continua\" \/>\n<meta property=\"og:url\" content=\"https:\/\/www.lojacarita.com.br\/loja\/product\/boa-nova-1106\/\" \/>\n<meta property=\"og:site_name\" content=\"Loja C\u00e1rita\" \/>\n<meta property=\"article:modified_time\" content=\"2024-04-03T11:59:12+00:00\" \/>\n<meta property=\"og:image\" content=\"https:\/\/www.lojacarita.com.br\/loja\/wp-content\/uploads\/2023\/11\/boa-nova-digital-59.jpg\" \/>\n\t<meta property=\"og:image:width\" content=\"681\" \/>\n\t<meta property=\"og:image:height\" content=\"681\" \/>\n\t<meta property=\"og:image:type\" content=\"image\/jpeg\" \/>\n<meta name=\"twitter:card\" content=\"summary_large_image\" \/>\n<meta name=\"twitter:label1\" content=\"Est. tempo de leitura\" \/>\n\t<meta name=\"twitter:data1\" content=\"2 minutos\" \/>\n<script type=\"application\/ld+json\" class=\"yoast-schema-graph\">{\"@context\":\"https:\\\/\\\/schema.org\",\"@graph\":[{\"@type\":\"WebPage\",\"@id\":\"https:\\\/\\\/www.lojacarita.com.br\\\/loja\\\/product\\\/boa-nova-1106\\\/\",\"url\":\"https:\\\/\\\/www.lojacarita.com.br\\\/loja\\\/product\\\/boa-nova-1106\\\/\",\"name\":\"Boa Nova 1106 - Loja C\u00e1rita\",\"isPartOf\":{\"@id\":\"https:\\\/\\\/www.lojacarita.com.br\\\/loja\\\/#website\"},\"primaryImageOfPage\":{\"@id\":\"https:\\\/\\\/www.lojacarita.com.br\\\/loja\\\/product\\\/boa-nova-1106\\\/#primaryimage\"},\"image\":{\"@id\":\"https:\\\/\\\/www.lojacarita.com.br\\\/loja\\\/product\\\/boa-nova-1106\\\/#primaryimage\"},\"thumbnailUrl\":\"https:\\\/\\\/www.lojacarita.com.br\\\/loja\\\/wp-content\\\/uploads\\\/2023\\\/11\\\/boa-nova-digital-59.jpg\",\"datePublished\":\"2023-11-03T17:31:44+00:00\",\"dateModified\":\"2024-04-03T11:59:12+00:00\",\"breadcrumb\":{\"@id\":\"https:\\\/\\\/www.lojacarita.com.br\\\/loja\\\/product\\\/boa-nova-1106\\\/#breadcrumb\"},\"inLanguage\":\"pt-BR\",\"potentialAction\":[{\"@type\":\"ReadAction\",\"target\":[\"https:\\\/\\\/www.lojacarita.com.br\\\/loja\\\/product\\\/boa-nova-1106\\\/\"]}]},{\"@type\":\"ImageObject\",\"inLanguage\":\"pt-BR\",\"@id\":\"https:\\\/\\\/www.lojacarita.com.br\\\/loja\\\/product\\\/boa-nova-1106\\\/#primaryimage\",\"url\":\"https:\\\/\\\/www.lojacarita.com.br\\\/loja\\\/wp-content\\\/uploads\\\/2023\\\/11\\\/boa-nova-digital-59.jpg\",\"contentUrl\":\"https:\\\/\\\/www.lojacarita.com.br\\\/loja\\\/wp-content\\\/uploads\\\/2023\\\/11\\\/boa-nova-digital-59.jpg\",\"width\":681,\"height\":681},{\"@type\":\"BreadcrumbList\",\"@id\":\"https:\\\/\\\/www.lojacarita.com.br\\\/loja\\\/product\\\/boa-nova-1106\\\/#breadcrumb\",\"itemListElement\":[{\"@type\":\"ListItem\",\"position\":1,\"name\":\"In\u00edcio\",\"item\":\"https:\\\/\\\/www.lojacarita.com.br\\\/loja\\\/\"},{\"@type\":\"ListItem\",\"position\":2,\"name\":\"Produtos\",\"item\":\"https:\\\/\\\/www.lojacarita.com.br\\\/loja\\\/nossos-produtos\\\/\"},{\"@type\":\"ListItem\",\"position\":3,\"name\":\"Boa Nova 1106\"}]},{\"@type\":\"WebSite\",\"@id\":\"https:\\\/\\\/www.lojacarita.com.br\\\/loja\\\/#website\",\"url\":\"https:\\\/\\\/www.lojacarita.com.br\\\/loja\\\/\",\"name\":\"Loja C\u00e1rita\",\"description\":\"Amai-vos e instrui-vos! Esp\u00edrito de Verdade\",\"publisher\":{\"@id\":\"https:\\\/\\\/www.lojacarita.com.br\\\/loja\\\/#organization\"},\"potentialAction\":[{\"@type\":\"SearchAction\",\"target\":{\"@type\":\"EntryPoint\",\"urlTemplate\":\"https:\\\/\\\/www.lojacarita.com.br\\\/loja\\\/?s={search_term_string}\"},\"query-input\":{\"@type\":\"PropertyValueSpecification\",\"valueRequired\":true,\"valueName\":\"search_term_string\"}}],\"inLanguage\":\"pt-BR\"},{\"@type\":\"Organization\",\"@id\":\"https:\\\/\\\/www.lojacarita.com.br\\\/loja\\\/#organization\",\"name\":\"Loja C\u00e1rita\",\"url\":\"https:\\\/\\\/www.lojacarita.com.br\\\/loja\\\/\",\"logo\":{\"@type\":\"ImageObject\",\"inLanguage\":\"pt-BR\",\"@id\":\"https:\\\/\\\/www.lojacarita.com.br\\\/loja\\\/#\\\/schema\\\/logo\\\/image\\\/\",\"url\":\"http:\\\/\\\/www.lojacarita.com.br\\\/loja2021\\\/wp-content\\\/uploads\\\/2021\\\/05\\\/favicon.png\",\"contentUrl\":\"http:\\\/\\\/www.lojacarita.com.br\\\/loja2021\\\/wp-content\\\/uploads\\\/2021\\\/05\\\/favicon.png\",\"width\":512,\"height\":512,\"caption\":\"Loja C\u00e1rita\"},\"image\":{\"@id\":\"https:\\\/\\\/www.lojacarita.com.br\\\/loja\\\/#\\\/schema\\\/logo\\\/image\\\/\"}}]}<\/script>\n<!-- \/ Yoast SEO plugin. -->","yoast_head_json":{"title":"Boa Nova 1106 - Loja C\u00e1rita","robots":{"index":"index","follow":"follow","max-snippet":"max-snippet:-1","max-image-preview":"max-image-preview:large","max-video-preview":"max-video-preview:-1"},"canonical":"https:\/\/www.lojacarita.com.br\/loja\/product\/boa-nova-1106\/","og_locale":"pt_BR","og_type":"article","og_title":"Boa Nova 1106 - Loja C\u00e1rita","og_description":"Curando&#8230; E Musicalidade do AMor&#8230; O Livro dos Esp\u00edritos \u2013 Livro Segundo \u2013 O Mundo dos Esp\u00edritos 18 de janeiro de 2019 Psicofon\u00eda da m\u00e9dium Eliana dos Santos Dura\u00e7\u00e3o: 33min O novo ano traz o orvalho do amanhecer&#8230; O perfume das manh\u00e3s&#8230; Ano em que a esperan\u00e7a nos anima a travessia. E na AMIC, Casa &hellip; Continua","og_url":"https:\/\/www.lojacarita.com.br\/loja\/product\/boa-nova-1106\/","og_site_name":"Loja C\u00e1rita","article_modified_time":"2024-04-03T11:59:12+00:00","og_image":[{"width":681,"height":681,"url":"https:\/\/www.lojacarita.com.br\/loja\/wp-content\/uploads\/2023\/11\/boa-nova-digital-59.jpg","type":"image\/jpeg"}],"twitter_card":"summary_large_image","twitter_misc":{"Est. tempo de leitura":"2 minutos"},"schema":{"@context":"https:\/\/schema.org","@graph":[{"@type":"WebPage","@id":"https:\/\/www.lojacarita.com.br\/loja\/product\/boa-nova-1106\/","url":"https:\/\/www.lojacarita.com.br\/loja\/product\/boa-nova-1106\/","name":"Boa Nova 1106 - Loja C\u00e1rita","isPartOf":{"@id":"https:\/\/www.lojacarita.com.br\/loja\/#website"},"primaryImageOfPage":{"@id":"https:\/\/www.lojacarita.com.br\/loja\/product\/boa-nova-1106\/#primaryimage"},"image":{"@id":"https:\/\/www.lojacarita.com.br\/loja\/product\/boa-nova-1106\/#primaryimage"},"thumbnailUrl":"https:\/\/www.lojacarita.com.br\/loja\/wp-content\/uploads\/2023\/11\/boa-nova-digital-59.jpg","datePublished":"2023-11-03T17:31:44+00:00","dateModified":"2024-04-03T11:59:12+00:00","breadcrumb":{"@id":"https:\/\/www.lojacarita.com.br\/loja\/product\/boa-nova-1106\/#breadcrumb"},"inLanguage":"pt-BR","potentialAction":[{"@type":"ReadAction","target":["https:\/\/www.lojacarita.com.br\/loja\/product\/boa-nova-1106\/"]}]},{"@type":"ImageObject","inLanguage":"pt-BR","@id":"https:\/\/www.lojacarita.com.br\/loja\/product\/boa-nova-1106\/#primaryimage","url":"https:\/\/www.lojacarita.com.br\/loja\/wp-content\/uploads\/2023\/11\/boa-nova-digital-59.jpg","contentUrl":"https:\/\/www.lojacarita.com.br\/loja\/wp-content\/uploads\/2023\/11\/boa-nova-digital-59.jpg","width":681,"height":681},{"@type":"BreadcrumbList","@id":"https:\/\/www.lojacarita.com.br\/loja\/product\/boa-nova-1106\/#breadcrumb","itemListElement":[{"@type":"ListItem","position":1,"name":"In\u00edcio","item":"https:\/\/www.lojacarita.com.br\/loja\/"},{"@type":"ListItem","position":2,"name":"Produtos","item":"https:\/\/www.lojacarita.com.br\/loja\/nossos-produtos\/"},{"@type":"ListItem","position":3,"name":"Boa Nova 1106"}]},{"@type":"WebSite","@id":"https:\/\/www.lojacarita.com.br\/loja\/#website","url":"https:\/\/www.lojacarita.com.br\/loja\/","name":"Loja C\u00e1rita","description":"Amai-vos e instrui-vos! Esp\u00edrito de Verdade","publisher":{"@id":"https:\/\/www.lojacarita.com.br\/loja\/#organization"},"potentialAction":[{"@type":"SearchAction","target":{"@type":"EntryPoint","urlTemplate":"https:\/\/www.lojacarita.com.br\/loja\/?s={search_term_string}"},"query-input":{"@type":"PropertyValueSpecification","valueRequired":true,"valueName":"search_term_string"}}],"inLanguage":"pt-BR"},{"@type":"Organization","@id":"https:\/\/www.lojacarita.com.br\/loja\/#organization","name":"Loja C\u00e1rita","url":"https:\/\/www.lojacarita.com.br\/loja\/","logo":{"@type":"ImageObject","inLanguage":"pt-BR","@id":"https:\/\/www.lojacarita.com.br\/loja\/#\/schema\/logo\/image\/","url":"http:\/\/www.lojacarita.com.br\/loja2021\/wp-content\/uploads\/2021\/05\/favicon.png","contentUrl":"http:\/\/www.lojacarita.com.br\/loja2021\/wp-content\/uploads\/2021\/05\/favicon.png","width":512,"height":512,"caption":"Loja C\u00e1rita"},"image":{"@id":"https:\/\/www.lojacarita.com.br\/loja\/#\/schema\/logo\/image\/"}}]}},"_links":{"self":[{"href":"https:\/\/www.lojacarita.com.br\/loja\/wp-json\/wp\/v2\/product\/1401","targetHints":{"allow":["GET"]}}],"collection":[{"href":"https:\/\/www.lojacarita.com.br\/loja\/wp-json\/wp\/v2\/product"}],"about":[{"href":"https:\/\/www.lojacarita.com.br\/loja\/wp-json\/wp\/v2\/types\/product"}],"wp:featuredmedia":[{"embeddable":true,"href":"https:\/\/www.lojacarita.com.br\/loja\/wp-json\/wp\/v2\/media\/1402"}],"wp:attachment":[{"href":"https:\/\/www.lojacarita.com.br\/loja\/wp-json\/wp\/v2\/media?parent=1401"}],"wp:term":[{"taxonomy":"product_brand","embeddable":true,"href":"https:\/\/www.lojacarita.com.br\/loja\/wp-json\/wp\/v2\/product_brand?post=1401"},{"taxonomy":"product_cat","embeddable":true,"href":"https:\/\/www.lojacarita.com.br\/loja\/wp-json\/wp\/v2\/product_cat?post=1401"},{"taxonomy":"product_tag","embeddable":true,"href":"https:\/\/www.lojacarita.com.br\/loja\/wp-json\/wp\/v2\/product_tag?post=1401"}],"curies":[{"name":"wp","href":"https:\/\/api.w.org\/{rel}","templated":true}]}}