{"id":13,"date":"2018-04-16T08:50:09","date_gmt":"2018-04-16T11:50:09","guid":{"rendered":"http:\/\/localhost\/base\/sitenovo\/?page_id=13"},"modified":"2021-08-19T11:42:18","modified_gmt":"2021-08-19T14:42:18","slug":"a-editora","status":"publish","type":"page","link":"https:\/\/www.lojacarita.com.br\/loja\/a-editora\/","title":{"rendered":"A Editora"},"content":{"rendered":"<p>A C\u00e1rita Editora Esp\u00edrita, bem como a AMIC (<a href=\"http:\/\/www.amic.org.br\">www.amic.org.br<\/a>) s\u00e3o frutos da Casa do Esp\u00edrito Amigo Fraternidade F\u00e9 e Amor (CEA), Centro Esp\u00edrita que nasceu do movimento de uma alma, que ouvindo o pedido dos c\u00e9us abre as portas do seu lar todas as 6as feiras desde 1990 para acolher toda sorte da dor humana atrav\u00e9s de sua mediunidade. Pedagoga de forma\u00e7\u00e3o, terceira gera\u00e7\u00e3o esp\u00edrita de sua fam\u00edlia, Eliana dos Santos, ou irm\u00e3 Eliana, assim \u00e9 chamada carinhosamente pela popula\u00e7\u00e3o, e pelos volunt\u00e1rios da institui\u00e7\u00e3o, tal a irmandade que todos sentem ao seu redor.<\/p><p>Desde 1997 as prele\u00e7\u00f5es espirituais semanais, atrav\u00e9s da sua mediunidade de psicofonia t\u00eam sido gravadas para depois serem novamente ouvidas e estudadas. Essas mensagens crist\u00e3s, tamb\u00e9m alcunhadas de mensagens \u201cBoa Nova\u201d, de linguagem po\u00e9tica e esclarecedora, tocam de forma profunda e renovadora cora\u00e7\u00f5es e mentes, \u00e0 luz da Doutrina Esp\u00edrita (DE).<\/p><p>A Doutrina Esp\u00edrita \u00e9 uma ferramenta iluminada dos c\u00e9us para edificar um novo cora\u00e7\u00e3o no velho cora\u00e7\u00e3o humano, sofrido e \u00e0 beira do caminho, desfalecido e angustiado, em busca de refrig\u00e9rio; acolhendo, consolando, educando e direcionando as almas com sede de transforma\u00e7\u00e3o, possibilitando o exerc\u00edcio da caridade como luz para os novos passos no caminho crist\u00e3o.<\/p><p>10 anos mais tarde as \u201cBoas Novas\u201d foram reunidas no volume 1 e desde ent\u00e3o anualmente nos livros Yoshuas, encontrados nesse site. Mais de 1000 prele\u00e7\u00f5es que vem sendo reunidas.<\/p><p>A C\u00e1rita Editora tem a alegria de oferecer os livros \u201cO Evangelho Segundo o Espiritismo de Estudo\u201d e \u201cO Livro dos Esp\u00edritos de Estudo\u201d traduzidos pela nossa editora contendo breves question\u00e1rios ao final de cada cap\u00edtulo. Orienta\u00e7\u00e3o espiritual para auxiliar os aprendizes do evangelho.<\/p><p>Temos tamb\u00e9m livros e CDs, para tratamentos espirituais, livros em homenagem ao querido m\u00e9dium e exemplo para nossas almas, Chico Xavier, livros sobre a vida de Eur\u00edpedes Barsanulfo, tutelar de nossa Casa de Ora\u00e7\u00e3o.<\/p><p>Al\u00e9m disso, temos livros cient\u00edficos e infantis que foram doados pelos seus autores, em prol das obras sociais da AMIC, que mant\u00e9m tr\u00eas educand\u00e1rios e v\u00e1rias obras sociais, como as outras obras da C\u00e1rita Editora.<\/p><p>Assim, desde o seu nascimento em 1997 a C\u00e1rita Editora Esp\u00edrita, t\u00eam como sentido maior publicar a literatura universalista e transcendente reunindo o p\u00e3o espiritual ao p\u00e3o material. Com isso d\u00e1 suporte a v\u00e1rios projetos sociais:<\/p><p>\u2013 SOS FOME: acolhe essa dor pungente atrav\u00e9s de distribui\u00e7\u00e3o di\u00e1ria de sopa e de cestas mensais de alimento.<\/p><p>\u2013 Acolhe a Inf\u00e2ncia em dor: atualmente 3 educand\u00e1rios em tr\u00eas zonas de vulnerabilidade social (1.300 crian\u00e7as).<\/p><p>\u2013 Acolhe o esp\u00edrito em dor: o trabalho de socorro ao suic\u00eddio, o Fio da F\u00e9, um telefone de socorro a quem vive em ang\u00fastia, depress\u00e3o, solid\u00e3o, falta de esperan\u00e7a\u2026 Atrav\u00e9s do Skype e dos telefones (19)-3287-6766 ou (19)3287-9111, Campinas \u2013 SP, e hoje tamb\u00e9m em Val\u00eancia-Espanha, Hilo de la Fe, o Fio da F\u00e9 em espanhol, pelo Skype, telefone +34 960722849 e Whatsapp.<\/p><p>\u2013 Mant\u00e9m um trabalho de tradu\u00e7\u00e3o da obra de Allan Kardec (O Livro dos Esp\u00edritos, O Evangelho Segundo o Espiritismo, e no prelo O Livro dos M\u00e9diuns e Viagem Esp\u00edrita).<\/p><p>AMIC C\u00e1rita Editora Amor tecido com os fios indel\u00e9veis da Palavra.<\/p><p>AMIC C\u00e1rita Editora criada a partir dos pontos de vista da eternidade da pluralidade das exist\u00eancias e do impulso misericordioso que encontra meios de acender a luz na escurid\u00e3o da ignor\u00e2ncia.<br><br>Doutrina Esp\u00edrita, um Anjo de Palavras<\/p><p>Contato:\u00a0<a href=\"mailto:caritaeditoraamic@gmail.com\">caritaeditoraamic@gmail.com<\/a>\u00a0<\/p><p>Ao adquirir os produtos da C\u00e1rita Editora Esp\u00edrita voc\u00ea passa a fazer parte da rede de amor em prol das crian\u00e7as em desemparo.<\/p><p>Desejamos que esse material que vem sendo disponibilizado na nossa editora com muito amor, seja luz em seus caminhos, como tem sido para os nossos.<\/p><p>\u201c<em>A Doutrina Esp\u00edrita renasce como esse espa\u00e7o materno, como essa m\u00e3e de nossa humanidade, novamente reaquecendo, em nossos \u00edntimos, os princ\u00edpios b\u00e1sicos de toda a filosofia, de toda a moral, e de toda a ci\u00eancia atrav\u00e9s dos tempos. A DE, qual m\u00e3e querida vem renascendo em n\u00f3s e partejando em n\u00f3s, novamente, o novo homem, uma nova esperan\u00e7a, um novo perfil para n\u00f3s. Ela parteja essa cont\u00ednua vontade de crescer, esse cont\u00ednuo estado de supera\u00e7\u00e3o.\u201d<\/em><\/p><p><em>BN 39 \u2013 Yoshua, vol. 2<\/em><\/p>","protected":false},"excerpt":{"rendered":"<p>A C\u00e1rita Editora Esp\u00edrita, bem como a AMIC (www.amic.org.br) s\u00e3o frutos da Casa do Esp\u00edrito Amigo Fraternidade F\u00e9 e Amor (CEA), Centro Esp\u00edrita que nasceu do movimento de uma alma, que ouvindo o pedido dos c\u00e9us abre as portas do seu lar todas as 6as feiras desde 1990 para acolher toda sorte da dor humana &hellip; <a href=\"https:\/\/www.lojacarita.com.br\/loja\/a-editora\/\">Continua<\/a><\/p>\n","protected":false},"author":2,"featured_media":0,"parent":0,"menu_order":0,"comment_status":"closed","ping_status":"closed","template":"page-padrao.php","meta":{"footnotes":""},"class_list":["post-13","page","type-page","status-publish","hentry"],"acf":[],"yoast_head":"<!-- This site is optimized with the Yoast SEO plugin v27.4 - https:\/\/yoast.com\/product\/yoast-seo-wordpress\/ -->\n<title>A Editora - Loja C\u00e1rita<\/title>\n<meta name=\"robots\" content=\"index, follow, max-snippet:-1, max-image-preview:large, max-video-preview:-1\" \/>\n<link rel=\"canonical\" href=\"https:\/\/www.lojacarita.com.br\/loja\/a-editora\/\" \/>\n<meta property=\"og:locale\" content=\"pt_BR\" \/>\n<meta property=\"og:type\" content=\"article\" \/>\n<meta property=\"og:title\" content=\"A Editora - Loja C\u00e1rita\" \/>\n<meta property=\"og:description\" content=\"A C\u00e1rita Editora Esp\u00edrita, bem como a AMIC (www.amic.org.br) s\u00e3o frutos da Casa do Esp\u00edrito Amigo Fraternidade F\u00e9 e Amor (CEA), Centro Esp\u00edrita que nasceu do movimento de uma alma, que ouvindo o pedido dos c\u00e9us abre as portas do seu lar todas as 6as feiras desde 1990 para acolher toda sorte da dor humana &hellip; Continua\" \/>\n<meta property=\"og:url\" content=\"https:\/\/www.lojacarita.com.br\/loja\/a-editora\/\" \/>\n<meta property=\"og:site_name\" content=\"Loja C\u00e1rita\" \/>\n<meta property=\"article:modified_time\" content=\"2021-08-19T14:42:18+00:00\" \/>\n<meta name=\"twitter:card\" content=\"summary_large_image\" \/>\n<meta name=\"twitter:label1\" content=\"Est. tempo de leitura\" \/>\n\t<meta name=\"twitter:data1\" content=\"3 minutos\" \/>\n<script type=\"application\/ld+json\" class=\"yoast-schema-graph\">{\"@context\":\"https:\\\/\\\/schema.org\",\"@graph\":[{\"@type\":\"WebPage\",\"@id\":\"https:\\\/\\\/www.lojacarita.com.br\\\/loja\\\/a-editora\\\/\",\"url\":\"https:\\\/\\\/www.lojacarita.com.br\\\/loja\\\/a-editora\\\/\",\"name\":\"A Editora - Loja C\u00e1rita\",\"isPartOf\":{\"@id\":\"https:\\\/\\\/www.lojacarita.com.br\\\/loja\\\/#website\"},\"datePublished\":\"2018-04-16T11:50:09+00:00\",\"dateModified\":\"2021-08-19T14:42:18+00:00\",\"breadcrumb\":{\"@id\":\"https:\\\/\\\/www.lojacarita.com.br\\\/loja\\\/a-editora\\\/#breadcrumb\"},\"inLanguage\":\"pt-BR\",\"potentialAction\":[{\"@type\":\"ReadAction\",\"target\":[\"https:\\\/\\\/www.lojacarita.com.br\\\/loja\\\/a-editora\\\/\"]}]},{\"@type\":\"BreadcrumbList\",\"@id\":\"https:\\\/\\\/www.lojacarita.com.br\\\/loja\\\/a-editora\\\/#breadcrumb\",\"itemListElement\":[{\"@type\":\"ListItem\",\"position\":1,\"name\":\"In\u00edcio\",\"item\":\"https:\\\/\\\/www.lojacarita.com.br\\\/loja\\\/\"},{\"@type\":\"ListItem\",\"position\":2,\"name\":\"A Editora\"}]},{\"@type\":\"WebSite\",\"@id\":\"https:\\\/\\\/www.lojacarita.com.br\\\/loja\\\/#website\",\"url\":\"https:\\\/\\\/www.lojacarita.com.br\\\/loja\\\/\",\"name\":\"Loja C\u00e1rita\",\"description\":\"Amai-vos e instrui-vos! Esp\u00edrito de Verdade\",\"publisher\":{\"@id\":\"https:\\\/\\\/www.lojacarita.com.br\\\/loja\\\/#organization\"},\"potentialAction\":[{\"@type\":\"SearchAction\",\"target\":{\"@type\":\"EntryPoint\",\"urlTemplate\":\"https:\\\/\\\/www.lojacarita.com.br\\\/loja\\\/?s={search_term_string}\"},\"query-input\":{\"@type\":\"PropertyValueSpecification\",\"valueRequired\":true,\"valueName\":\"search_term_string\"}}],\"inLanguage\":\"pt-BR\"},{\"@type\":\"Organization\",\"@id\":\"https:\\\/\\\/www.lojacarita.com.br\\\/loja\\\/#organization\",\"name\":\"Loja C\u00e1rita\",\"url\":\"https:\\\/\\\/www.lojacarita.com.br\\\/loja\\\/\",\"logo\":{\"@type\":\"ImageObject\",\"inLanguage\":\"pt-BR\",\"@id\":\"https:\\\/\\\/www.lojacarita.com.br\\\/loja\\\/#\\\/schema\\\/logo\\\/image\\\/\",\"url\":\"http:\\\/\\\/www.lojacarita.com.br\\\/loja2021\\\/wp-content\\\/uploads\\\/2021\\\/05\\\/favicon.png\",\"contentUrl\":\"http:\\\/\\\/www.lojacarita.com.br\\\/loja2021\\\/wp-content\\\/uploads\\\/2021\\\/05\\\/favicon.png\",\"width\":512,\"height\":512,\"caption\":\"Loja C\u00e1rita\"},\"image\":{\"@id\":\"https:\\\/\\\/www.lojacarita.com.br\\\/loja\\\/#\\\/schema\\\/logo\\\/image\\\/\"}}]}<\/script>\n<!-- \/ Yoast SEO plugin. -->","yoast_head_json":{"title":"A Editora - Loja C\u00e1rita","robots":{"index":"index","follow":"follow","max-snippet":"max-snippet:-1","max-image-preview":"max-image-preview:large","max-video-preview":"max-video-preview:-1"},"canonical":"https:\/\/www.lojacarita.com.br\/loja\/a-editora\/","og_locale":"pt_BR","og_type":"article","og_title":"A Editora - Loja C\u00e1rita","og_description":"A C\u00e1rita Editora Esp\u00edrita, bem como a AMIC (www.amic.org.br) s\u00e3o frutos da Casa do Esp\u00edrito Amigo Fraternidade F\u00e9 e Amor (CEA), Centro Esp\u00edrita que nasceu do movimento de uma alma, que ouvindo o pedido dos c\u00e9us abre as portas do seu lar todas as 6as feiras desde 1990 para acolher toda sorte da dor humana &hellip; Continua","og_url":"https:\/\/www.lojacarita.com.br\/loja\/a-editora\/","og_site_name":"Loja C\u00e1rita","article_modified_time":"2021-08-19T14:42:18+00:00","twitter_card":"summary_large_image","twitter_misc":{"Est. tempo de leitura":"3 minutos"},"schema":{"@context":"https:\/\/schema.org","@graph":[{"@type":"WebPage","@id":"https:\/\/www.lojacarita.com.br\/loja\/a-editora\/","url":"https:\/\/www.lojacarita.com.br\/loja\/a-editora\/","name":"A Editora - Loja C\u00e1rita","isPartOf":{"@id":"https:\/\/www.lojacarita.com.br\/loja\/#website"},"datePublished":"2018-04-16T11:50:09+00:00","dateModified":"2021-08-19T14:42:18+00:00","breadcrumb":{"@id":"https:\/\/www.lojacarita.com.br\/loja\/a-editora\/#breadcrumb"},"inLanguage":"pt-BR","potentialAction":[{"@type":"ReadAction","target":["https:\/\/www.lojacarita.com.br\/loja\/a-editora\/"]}]},{"@type":"BreadcrumbList","@id":"https:\/\/www.lojacarita.com.br\/loja\/a-editora\/#breadcrumb","itemListElement":[{"@type":"ListItem","position":1,"name":"In\u00edcio","item":"https:\/\/www.lojacarita.com.br\/loja\/"},{"@type":"ListItem","position":2,"name":"A Editora"}]},{"@type":"WebSite","@id":"https:\/\/www.lojacarita.com.br\/loja\/#website","url":"https:\/\/www.lojacarita.com.br\/loja\/","name":"Loja C\u00e1rita","description":"Amai-vos e instrui-vos! Esp\u00edrito de Verdade","publisher":{"@id":"https:\/\/www.lojacarita.com.br\/loja\/#organization"},"potentialAction":[{"@type":"SearchAction","target":{"@type":"EntryPoint","urlTemplate":"https:\/\/www.lojacarita.com.br\/loja\/?s={search_term_string}"},"query-input":{"@type":"PropertyValueSpecification","valueRequired":true,"valueName":"search_term_string"}}],"inLanguage":"pt-BR"},{"@type":"Organization","@id":"https:\/\/www.lojacarita.com.br\/loja\/#organization","name":"Loja C\u00e1rita","url":"https:\/\/www.lojacarita.com.br\/loja\/","logo":{"@type":"ImageObject","inLanguage":"pt-BR","@id":"https:\/\/www.lojacarita.com.br\/loja\/#\/schema\/logo\/image\/","url":"http:\/\/www.lojacarita.com.br\/loja2021\/wp-content\/uploads\/2021\/05\/favicon.png","contentUrl":"http:\/\/www.lojacarita.com.br\/loja2021\/wp-content\/uploads\/2021\/05\/favicon.png","width":512,"height":512,"caption":"Loja C\u00e1rita"},"image":{"@id":"https:\/\/www.lojacarita.com.br\/loja\/#\/schema\/logo\/image\/"}}]}},"_links":{"self":[{"href":"https:\/\/www.lojacarita.com.br\/loja\/wp-json\/wp\/v2\/pages\/13","targetHints":{"allow":["GET"]}}],"collection":[{"href":"https:\/\/www.lojacarita.com.br\/loja\/wp-json\/wp\/v2\/pages"}],"about":[{"href":"https:\/\/www.lojacarita.com.br\/loja\/wp-json\/wp\/v2\/types\/page"}],"author":[{"embeddable":true,"href":"https:\/\/www.lojacarita.com.br\/loja\/wp-json\/wp\/v2\/users\/2"}],"replies":[{"embeddable":true,"href":"https:\/\/www.lojacarita.com.br\/loja\/wp-json\/wp\/v2\/comments?post=13"}],"version-history":[{"count":8,"href":"https:\/\/www.lojacarita.com.br\/loja\/wp-json\/wp\/v2\/pages\/13\/revisions"}],"predecessor-version":[{"id":485,"href":"https:\/\/www.lojacarita.com.br\/loja\/wp-json\/wp\/v2\/pages\/13\/revisions\/485"}],"wp:attachment":[{"href":"https:\/\/www.lojacarita.com.br\/loja\/wp-json\/wp\/v2\/media?parent=13"}],"curies":[{"name":"wp","href":"https:\/\/api.w.org\/{rel}","templated":true}]}}